192.168.1.48 - - [07/May/2014:12:53:43 +0900] "GET /~bob/Basicskills/?JSP HTTP/1.1" 200 10531
192.168.1.48 - - [07/May/2014:12:53:51 +0900] "GET /~bob/Basicskills/?c=login;p=SoftwareDesign HTTP/1.1" 200 8458
192.168.1.48 - - [07/May/2014:12:53:53 +0900] "POST /~bob/Basicskills/ HTTP/1.1" 403 8507
192.168.1.48 - - [07/May/2014:12:53:58 +0900] "POST /~bob/Basicskills/ HTTP/1.1" 200 358
192.168.1.48 - - [07/May/2014:12:53:58 +0900] "GET /~bob/Basicskills/?SoftwareDesign HTTP/1.1" 200 15204
192.168.1.48 - - [07/May/2014:12:54:01 +0900] "GET /~bob/Basicskills/?c=edit;p=SoftwareDesign HTTP/1.1" 200 19479
192.168.1.42 - - [07/May/2014:12:56:40 +0900] "GET /~yosuke/YamamotoDThesis/?c=recent HTTP/1.1" 200 23135
192.168.1.42 - - [07/May/2014:12:56:41 +0900] "GET /~yosuke/YamamotoDThesis/theme/hiki_base.css HTTP/1.1" 304 -
192.168.1.42 - - [07/May/2014:12:56:41 +0900] "GET /~yosuke/YamamotoDThesis/theme/bob/bob.css HTTP/1.1" 304 -
192.168.1.53 - - [07/May/2014:12:58:21 +0900] "GET /~yoshii/hiki/?FrontPage HTTP/1.1" 200 18416
192.168.1.53 - - [07/May/2014:12:59:23 +0900] "GET /~yoshii/hiki/?ThisWeek HTTP/1.1" 200 15200
192.168.1.53 - - [07/May/2014:12:59:34 +0900] "GET /~yoshii/hiki/?NextWeek HTTP/1.1" 200 15142
192.168.1.53 - - [07/May/2014:12:59:37 +0900] "GET /~yoshii/hiki/?ThisWeek HTTP/1.1" 200 15200
172.29.0.42 - - [07/May/2014:13:06:11 +0900] "GET /~yoshii/hiki/ HTTP/1.1" 200 19014
192.168.1.49 - - [07/May/2014:13:06:39 +0900] "GET /~yoshii/hiki/?FrontPage HTTP/1.1" 200 18416
192.168.1.54 - - [07/May/2014:13:06:49 +0900] "GET /~bob/Basicskills/ HTTP/1.1" 200 13534
192.168.1.54 - - [07/May/2014:13:06:49 +0900] "GET /favicon.ico HTTP/1.1" 404 209
192.168.1.48 - - [07/May/2014:13:06:50 +0900] "GET /~yoshii/hiki/?FrontPage HTTP/1.1" 200 18416
172.29.0.42 - - [07/May/2014:13:06:50 +0900] "GET /~bob/BasicSkills/ HTTP/1.1" 200 13540
172.29.0.42 - - [07/May/2014:13:06:50 +0900] "GET /~bob/BasicSkills/theme/bob/bob.css HTTP/1.1" 304 -
172.29.0.42 - - [07/May/2014:13:06:54 +0900] "GET /~yoshii/hiki/ HTTP/1.1" 200 19014
192.168.1.54 - - [07/May/2014:13:06:55 +0900] "GET /~yoshii/hiki/?FrontPage HTTP/1.1" 200 18416
172.29.0.42 - - [07/May/2014:13:06:58 +0900] "GET /~yoshii/hiki/?2014-4 HTTP/1.1" 200 19623
192.168.1.48 - - [07/May/2014:13:07:04 +0900] "GET /~yoshii/hiki/?FrontPage HTTP/1.1" 200 18416
192.168.1.48 - - [07/May/2014:13:07:05 +0900] "GET /~yoshii/hiki/theme/hiki_base.css HTTP/1.1" 304 -
192.168.1.48 - - [07/May/2014:13:07:05 +0900] "GET /~yoshii/hiki/theme/bob/bob.css HTTP/1.1" 304 -
192.168.1.48 - - [07/May/2014:13:07:07 +0900] "GET /~yoshii/hiki/?2014-4 HTTP/1.1" 200 18771
192.168.1.52 - - [07/May/2014:13:07:13 +0900] "GET /~yoshii/hiki/?FrontPage HTTP/1.1" 200 18416
192.168.1.52 - - [07/May/2014:13:07:15 +0900] "GET /~yoshii/hiki/?2014-4 HTTP/1.1" 200 18771
192.168.1.42 - - [07/May/2014:13:07:22 +0900] "GET /~yoshii/hiki/?FrontPage HTTP/1.1" 200 18416
192.168.1.42 - - [07/May/2014:13:07:22 +0900] "GET /~yoshii/hiki/theme/bob/bob.css HTTP/1.1" 200 10018
192.168.1.42 - - [07/May/2014:13:07:22 +0900] "GET /~yoshii/hiki/theme/hiki_base.css HTTP/1.1" 200 1653
192.168.1.42 - - [07/May/2014:13:07:28 +0900] "GET /~yoshii/hiki/?2014-4 HTTP/1.1" 200 18771
172.29.0.42 - - [07/May/2014:13:08:46 +0900] "GET /~bob/BasicSkills/ HTTP/1.1" 200 13540
172.29.0.42 - - [07/May/2014:13:08:46 +0900] "GET /~bob/BasicSkills/theme/bob/bob.css HTTP/1.1" 304 -
172.29.0.42 - - [07/May/2014:13:08:48 +0900] "GET /~bob/BasicSkills/?ProgrammingSkills HTTP/1.1" 200 13357
192.168.1.42 - - [07/May/2014:13:09:04 +0900] "GET /~yoshii/hiki/ HTTP/1.1" 200 18416
192.168.1.48 - - [07/May/2014:13:09:08 +0900] "GET /~bob/Basicskills/?ProgrammingSkills HTTP/1.1" 200 13809
192.168.1.42 - - [07/May/2014:13:09:09 +0900] "GET /~yoshii/hiki/?2014-4 HTTP/1.1" 200 18771
192.168.1.42 - - [07/May/2014:13:09:14 +0900] "GET /~bob/Basicskills/ HTTP/1.1" 200 13534
192.168.1.42 - - [07/May/2014:13:09:14 +0900] "GET /~bob/Basicskills/theme/hiki_base.css HTTP/1.1" 200 428
192.168.1.42 - - [07/May/2014:13:09:14 +0900] "GET /~bob/Basicskills/theme/bob/bob.css HTTP/1.1" 200 11457
192.168.1.42 - - [07/May/2014:13:09:46 +0900] "GET /~bob/Basicskills/?SoftwareDesign HTTP/1.1" 200 14305
192.168.1.42 - - [07/May/2014:13:09:53 +0900] "GET /~bob/Basicskills/?make_BasicSkils HTTP/1.1" 200 9804
192.168.1.42 - - [07/May/2014:13:10:02 +0900] "GET /~bob/Basicskills/ HTTP/1.1" 200 13534
192.168.1.42 - - [07/May/2014:13:10:04 +0900] "GET /~bob/Basicskills/?ProgrammingSkills HTTP/1.1" 200 13351
192.168.1.55 - - [07/May/2014:13:11:27 +0900] "GET /~bob/Basicskills/ HTTP/1.1" 200 13534
192.168.1.55 - - [07/May/2014:13:11:46 +0900] "GET /~bob/Basicskills/?TSP HTTP/1.1" 200 12489
192.168.1.55 - - [07/May/2014:13:11:46 +0900] "GET /~bob/Basicskills/?c=plugin;plugin=attach_download;p=TSPAns2;file_name=plot_route1.png HTTP/1.1" 200 5416
192.168.1.55 - - [07/May/2014:13:11:46 +0900] "GET /~bob/Basicskills/?c=plugin;plugin=attach_download;p=TSPAns2;file_name=plot_route3.png HTTP/1.1" 200 4881
192.168.1.55 - - [07/May/2014:13:11:46 +0900] "GET /~bob/Basicskills/?c=plugin;plugin=attach_download;p=TSPAns2;file_name=plot_route2.png HTTP/1.1" 200 5472
192.168.1.48 - - [07/May/2014:13:11:51 +0900] "GET /~bob/Basicskills/?ProgrammingRuby HTTP/1.1" 200 9423
192.168.1.48 - - [07/May/2014:13:11:54 +0900] "GET /~bob/Basicskills/?c=edit;p=eblog HTTP/1.1" 200 13287
192.168.1.48 - - [07/May/2014:13:13:58 +0900] "GET /~bob/Basicskills/ HTTP/1.1" 200 13908
192.168.1.48 - - [07/May/2014:13:13:58 +0900] "GET /~bob/Basicskills/theme/hiki_base.css HTTP/1.1" 200 428
192.168.1.48 - - [07/May/2014:13:13:58 +0900] "GET /~bob/Basicskills/theme/bob/bob.css HTTP/1.1" 200 11457
192.168.1.48 - - [07/May/2014:13:14:09 +0900] "GET /~bob/Basicskills/?ProgrammingSkills HTTP/1.1" 200 13809
192.168.1.48 - - [07/May/2014:13:14:11 +0900] "GET /~bob/Basicskills/?SoftwareDesign HTTP/1.1" 200 15204
172.29.0.42 - - [07/May/2014:13:14:24 +0900] "GET /~yosuke/YamamotoDThesis/ HTTP/1.1" 200 10919
172.29.0.42 - - [07/May/2014:13:14:25 +0900] "GET /~yosuke/YamamotoDThesis/theme/bob/bob.css HTTP/1.1" 200 11457
172.29.0.42 - - [07/May/2014:13:14:25 +0900] "GET /~yosuke/YamamotoDThesis/theme/hiki_base.css HTTP/1.1" 200 428
192.168.1.42 - - [07/May/2014:13:14:30 +0900] "GET /~yosuke/YamamotoDThesis/ HTTP/1.1" 200 10915
172.29.0.42 - - [07/May/2014:13:14:33 +0900] "GET /~yosuke/YamamotoDThesis/?Introduction HTTP/1.1" 200 12263
192.168.1.42 - - [07/May/2014:13:14:36 +0900] "GET /~yosuke/YamamotoDThesis/?Introduction HTTP/1.1" 200 12259
172.29.0.42 - - [07/May/2014:13:14:53 +0900] "GET /~yosuke/YamamotoDThesis/?ConstraintOfFirstPrinciples HTTP/1.1" 200 17275
172.29.0.42 - - [07/May/2014:13:14:59 +0900] "GET /~yosuke/YamamotoDThesis/?FirstPrinciplesVSPotential HTTP/1.1" 200 20571
192.168.1.54 - - [07/May/2014:13:18:06 +0900] "GET /~bob/Basicskills/ HTTP/1.1" 200 13534
192.168.1.54 - - [07/May/2014:13:18:09 +0900] "GET /~bob/Basicskills/?Katagiri_GoogleRecruit HTTP/1.1" 200 12218
192.168.1.52 - - [07/May/2014:13:21:45 +0900] "GET /~bob/Basicskills/ HTTP/1.1" 200 13534
192.168.1.52 - - [07/May/2014:13:21:49 +0900] "GET /~bob/Basicskills/?ProgrammingSkills HTTP/1.1" 200 13351
192.168.1.52 - - [07/May/2014:13:21:54 +0900] "GET /~bob/Basicskills/?ProgrammingRuby HTTP/1.1" 200 8921
192.168.1.52 - - [07/May/2014:13:21:59 +0900] "GET /~bob/Basicskills/?RubyIfElse HTTP/1.1" 200 11529
172.29.0.42 - - [07/May/2014:13:23:06 +0900] "GET /~yosuke/YamamotoDThesis/?%CB%DC%B8%A6%B5%E6%A4%CE%B7%E7%B4%D9%A4%CB%C2%D0%A4%B9%A4%EB%C2%E8%B0%EC%B8%B6%CD%FD%B7%D7%BB%BB%A4%CE%C5%AC%CD%D1 HTTP/1.1" 200 9346
172.29.0.42 - - [07/May/2014:13:24:06 +0900] "GET /~yosuke/YamamotoDThesis/?ConstraintOfFirstPrinciples HTTP/1.1" 200 17275
192.168.1.52 - - [07/May/2014:13:24:31 +0900] "GET /~bob/Basicskills/?RubyFirstDay HTTP/1.1" 200 11526
192.168.1.52 - - [07/May/2014:13:27:42 +0900] "GET /~bob/Basicskills/?RubyIfElse HTTP/1.1" 200 11529
192.168.1.54 - - [07/May/2014:13:27:43 +0900] "GET /~bob/Basicskills/?Katagiri_GoogleRecruit HTTP/1.1" 200 12218
192.168.1.52 - - [07/May/2014:13:29:21 +0900] "GET /~bob/Basicskills/?RubyFirstDay HTTP/1.1" 200 11526
192.168.1.52 - - [07/May/2014:13:29:23 +0900] "GET /~bob/Basicskills/?RubyIfElse HTTP/1.1" 200 11529
192.168.1.54 - - [07/May/2014:13:29:37 +0900] "GET /~bob/Basicskills/?SoftwareDesign HTTP/1.1" 200 14305
192.168.1.54 - - [07/May/2014:13:30:36 +0900] "GET /~bob/Basicskills/?c=login;p=SoftwareDesign HTTP/1.1" 200 8458
192.168.1.54 - - [07/May/2014:13:30:42 +0900] "POST /~bob/Basicskills/ HTTP/1.1" 200 358
192.168.1.54 - - [07/May/2014:13:30:42 +0900] "GET /~bob/Basicskills/?SoftwareDesign HTTP/1.1" 200 15204
192.168.1.54 - - [07/May/2014:13:30:44 +0900] "GET /~bob/Basicskills/?Katagiri_GoogleRecruit HTTP/1.1" 200 12695
192.168.1.54 - - [07/May/2014:13:30:46 +0900] "GET /~bob/Basicskills/?c=edit;p=Katagiri_GoogleRecruit HTTP/1.1" 200 14305
192.168.1.54 - - [07/May/2014:13:31:05 +0900] "GET /~bob/Basicskills/ HTTP/1.1" 200 13908
192.168.1.54 - - [07/May/2014:13:31:07 +0900] "GET /~bob/Basicskills/?c=create HTTP/1.1" 200 8324
192.168.1.54 - - [07/May/2014:13:31:26 +0900] "GET /~bob/Basicskills/?c=create&key=Sakakibara_GoogleRecruit HTTP/1.1" 200 13458
192.168.1.49 - - [07/May/2014:13:31:35 +0900] "GET /~bob/Basicskills/ HTTP/1.1" 200 13534
192.168.1.49 - - [07/May/2014:13:31:35 +0900] "GET /~bob/Basicskills/theme/bob/bob.css HTTP/1.1" 304 -
192.168.1.49 - - [07/May/2014:13:31:37 +0900] "GET /~bob/Basicskills/?ProgrammingSkills HTTP/1.1" 200 13351
192.168.1.49 - - [07/May/2014:13:31:44 +0900] "GET /~bob/Basicskills/?RubyIfElse HTTP/1.1" 200 11529
192.168.1.49 - - [07/May/2014:13:31:56 +0900] "GET /~bob/Basicskills/?RubyLIst HTTP/1.1" 200 12892
192.168.1.55 - - [07/May/2014:13:32:40 +0900] "GET /~bob/Basicskills/ HTTP/1.1" 200 13534
192.168.1.49 - - [07/May/2014:13:32:41 +0900] "GET /~bob/Basicskills/?RubyIfElse HTTP/1.1" 200 11529
192.168.1.49 - - [07/May/2014:13:35:00 +0900] "GET /~bob/Basicskills/?RubyMethod HTTP/1.1" 200 12798
192.168.1.49 - - [07/May/2014:13:35:22 +0900] "GET /~bob/Basicskills/?Katagiri_MapleTerminal HTTP/1.1" 200 13080
192.168.1.49 - - [07/May/2014:13:35:23 +0900] "GET /~bob/Basicskills/?c=plugin;plugin=attach_download;p=Katagiri_MapleTerminal;file_name=maple.png HTTP/1.1" 200 28396
192.168.1.49 - - [07/May/2014:13:35:23 +0900] "GET /~bob/Basicskills/?c=plugin;plugin=attach_download;p=Katagiri_MapleTerminal;file_name=file2.gif HTTP/1.1" 200 51457
192.168.1.49 - - [07/May/2014:13:35:37 +0900] "GET /~bob/Basicskills/?RubyMethod HTTP/1.1" 200 12798
192.168.1.49 - - [07/May/2014:13:35:40 +0900] "GET /~bob/Basicskills/?RubyIfElse HTTP/1.1" 200 11529
192.168.1.55 - - [07/May/2014:13:35:51 +0900] "GET /~bob/Basicskills/?ProgrammingSkills HTTP/1.1" 200 13351
192.168.1.55 - - [07/May/2014:13:35:54 +0900] "GET /~bob/Basicskills/?RubyMethod HTTP/1.1" 200 12798
192.168.1.55 - - [07/May/2014:13:36:19 +0900] "GET /~bob/Basicskills/?RubyIfElse HTTP/1.1" 200 11529
192.168.1.49 - - [07/May/2014:13:37:17 +0900] "GET /~bob/Basicskills/?RubyMethod HTTP/1.1" 200 12798
192.168.1.54 - - [07/May/2014:13:38:17 +0900] "POST /~bob/Basicskills/ HTTP/1.1" 200 378
192.168.1.54 - - [07/May/2014:13:38:17 +0900] "GET /~bob/Basicskills/?Sakakibara_GoogleRecruit HTTP/1.1" 200 12892
192.168.1.54 - - [07/May/2014:13:38:23 +0900] "GET /~bob/Basicskills/?c=edit;p=Sakakibara_GoogleRecruit HTTP/1.1" 200 14139
192.168.1.54 - - [07/May/2014:13:38:32 +0900] "POST /~bob/Basicskills/ HTTP/1.1" 200 378
192.168.1.54 - - [07/May/2014:13:38:32 +0900] "GET /~bob/Basicskills/?Sakakibara_GoogleRecruit HTTP/1.1" 200 12964
192.168.1.54 - - [07/May/2014:13:38:51 +0900] "GET /~bob/Basicskills/?c=edit;p=Sakakibara_GoogleRecruit HTTP/1.1" 200 14140
192.168.1.54 - - [07/May/2014:13:39:10 +0900] "POST /~bob/Basicskills/ HTTP/1.1" 200 378
192.168.1.54 - - [07/May/2014:13:39:10 +0900] "GET /~bob/Basicskills/?Sakakibara_GoogleRecruit HTTP/1.1" 200 12971
192.168.1.54 - - [07/May/2014:13:39:56 +0900] "GET /~bob/Basicskills/?ProgrammingSkills HTTP/1.1" 200 13885
192.168.1.54 - - [07/May/2014:13:40:05 +0900] "GET /~bob/Basicskills/?c=edit;p=ProgrammingSkills HTTP/1.1" 200 15746
192.168.1.49 - - [07/May/2014:13:40:07 +0900] "GET /~bob/Basicskills/?RubyIfElse HTTP/1.1" 200 11605
192.168.1.54 - - [07/May/2014:13:40:27 +0900] "POST /~bob/Basicskills/ HTTP/1.1" 200 364
192.168.1.54 - - [07/May/2014:13:40:27 +0900] "GET /~bob/Basicskills/?ProgrammingSkills HTTP/1.1" 200 13936
192.168.1.54 - - [07/May/2014:13:40:31 +0900] "GET /~bob/Basicskills/?ProgrammingSkills HTTP/1.1" 200 13936
192.168.1.54 - - [07/May/2014:13:40:38 +0900] "GET /~bob/Basicskills/?c=edit;p=ProgrammingSkills HTTP/1.1" 200 15784
192.168.1.54 - - [07/May/2014:13:40:49 +0900] "POST /~bob/Basicskills/ HTTP/1.1" 200 364
192.168.1.54 - - [07/May/2014:13:40:49 +0900] "GET /~bob/Basicskills/?ProgrammingSkills HTTP/1.1" 200 13936
192.168.1.53 - - [07/May/2014:13:40:53 +0900] "GET /~bob/Basicskills/ HTTP/1.1" 200 13610
192.168.1.53 - - [07/May/2014:13:41:07 +0900] "GET /~bob/Basicskills/?ProgrammingSkills HTTP/1.1" 200 13478
192.168.1.53 - - [07/May/2014:13:41:14 +0900] "GET /~bob/Basicskills/?RubyIfElse HTTP/1.1" 200 11605
192.168.1.54 - - [07/May/2014:13:41:44 +0900] "GET /~bob/Basicskills/?ProgrammingSkills HTTP/1.1" 200 13936
192.168.1.54 - - [07/May/2014:13:41:47 +0900] "GET /~bob/Basicskills/?Sakakibara_GoogleRecruit HTTP/1.1" 200 13026
192.168.1.53 - - [07/May/2014:13:42:31 +0900] "GET /~bob/Basicskills/?Sakakibara_GoogleRecruit HTTP/1.1" 200 12747
192.168.1.53 - - [07/May/2014:13:42:55 +0900] "GET /~bob/Basicskills/?Katagiri_GoogleRecruit HTTP/1.1" 200 12294
192.168.1.54 - - [07/May/2014:13:43:23 +0900] "GET /~bob/Basicskills/?ProgrammingSkills HTTP/1.1" 200 13936
192.168.1.54 - - [07/May/2014:13:43:51 +0900] "GET /~bob/Basicskills/?Yanase_loop HTTP/1.1" 200 29870
192.168.1.54 - - [07/May/2014:13:44:04 +0900] "GET /~bob/Basicskills/?Sakakibara_loop HTTP/1.1" 200 27725
192.168.1.54 - - [07/May/2014:13:45:31 +0900] "GET /~bob/Basicskills/?Sakakibara_GoogleRecruit HTTP/1.1" 200 13026
192.168.1.54 - - [07/May/2014:13:45:57 +0900] "GET /~bob/Basicskills/?c=edit;p=Sakakibara_GoogleRecruit HTTP/1.1" 200 14147
192.168.1.42 - - [07/May/2014:13:46:11 +0900] "GET /~yosuke/YamamotoDThesis/?FirstPrinciplesVSPotential HTTP/1.1" 200 20567
192.168.1.54 - - [07/May/2014:13:46:28 +0900] "POST /~bob/Basicskills/ HTTP/1.1" 200 378
192.168.1.54 - - [07/May/2014:13:46:29 +0900] "GET /~bob/Basicskills/?Sakakibara_GoogleRecruit HTTP/1.1" 200 13412
192.168.1.54 - - [07/May/2014:13:46:58 +0900] "GET /~bob/Basicskills/?Sakakibara_GoogleRecruit HTTP/1.1" 200 13412
192.168.1.54 - - [07/May/2014:13:47:27 +0900] "GET /~bob/Basicskills/?c=edit;p=Sakakibara_GoogleRecruit HTTP/1.1" 200 14362
192.168.1.48 - - [07/May/2014:13:47:48 +0900] "GET /~yoshii/hiki/?NextWeek HTTP/1.1" 200 15142
192.168.1.48 - - [07/May/2014:13:47:49 +0900] "GET /~yoshii/hiki/?ThisWeek HTTP/1.1" 200 15200
192.168.1.54 - - [07/May/2014:13:47:49 +0900] "POST /~bob/Basicskills/ HTTP/1.1" 200 378
192.168.1.54 - - [07/May/2014:13:47:49 +0900] "GET /~bob/Basicskills/?Sakakibara_GoogleRecruit HTTP/1.1" 200 13433
172.29.0.42 - - [07/May/2014:13:51:09 +0900] "GET /~bob/BasicSkills/ HTTP/1.1" 200 13616
172.29.0.42 - - [07/May/2014:13:51:09 +0900] "GET /~bob/BasicSkills/theme/bob/bob.css HTTP/1.1" 304 -
172.29.0.42 - - [07/May/2014:13:51:17 +0900] "GET /~bob/BasicSkills/?c=login;p=FrontPage HTTP/1.1" 200 8513
172.29.0.42 - - [07/May/2014:13:51:22 +0900] "GET /~bob/BasicSkills/?key=&comment=Search&c=search HTTP/1.1" 200 8399
172.29.0.42 - - [07/May/2014:13:51:31 +0900] "GET /~bob/BasicSkills/?c=login HTTP/1.1" 200 8492
172.29.0.42 - - [07/May/2014:13:51:35 +0900] "POST /~bob/BasicSkills/ HTTP/1.1" 200 332
172.29.0.42 - - [07/May/2014:13:51:36 +0900] "GET /~bob/BasicSkills/ HTTP/1.1" 200 13979
172.29.0.42 - - [07/May/2014:13:51:36 +0900] "GET /~bob/BasicSkills/theme/bob/bob.css HTTP/1.1" 304 -
172.29.0.42 - - [07/May/2014:13:51:36 +0900] "GET /~bob/BasicSkills/theme/hiki_base.css HTTP/1.1" 304 -
172.29.0.42 - - [07/May/2014:13:51:40 +0900] "GET /~bob/BasicSkills/?Sakakibara_GoogleRecruit HTTP/1.1" 200 13436
192.168.1.55 - - [07/May/2014:14:01:52 +0900] "GET /~bob/Basicskills/?RubyIfElse HTTP/1.1" 200 11605
192.168.1.52 - - [07/May/2014:14:07:22 +0900] "GET /~bob/Basicskills/?RubyLoop HTTP/1.1" 200 12780
192.168.1.47 - - [07/May/2014:14:20:20 +0900] "GET /~bob/BasicSkills/ HTTP/1.1" 200 13610
192.168.1.47 - - [07/May/2014:14:20:27 +0900] "GET /~bob/BasicSkills/?c=login;p=FrontPage HTTP/1.1" 200 8524
192.168.1.47 - - [07/May/2014:14:20:43 +0900] "POST /~bob/BasicSkills/ HTTP/1.1" 403 8573
192.168.1.47 - - [07/May/2014:14:21:06 +0900] "POST /~bob/BasicSkills/ HTTP/1.1" 200 348
192.168.1.47 - - [07/May/2014:14:21:06 +0900] "GET /~bob/BasicSkills/?FrontPage HTTP/1.1" 200 13984
192.168.1.47 - - [07/May/2014:14:21:43 +0900] "GET /~bob/BasicSkills/?ProgrammingSkills HTTP/1.1" 200 13936
192.168.1.47 - - [07/May/2014:14:21:46 +0900] "GET /~bob/BasicSkills/?c=edit;p=ProgrammingSkills HTTP/1.1" 200 15784
192.168.1.47 - - [07/May/2014:14:22:01 +0900] "POST /~bob/BasicSkills/ HTTP/1.1" 200 364
192.168.1.47 - - [07/May/2014:14:22:01 +0900] "GET /~bob/BasicSkills/?ProgrammingSkills HTTP/1.1" 200 13939
192.168.1.47 - - [07/May/2014:14:22:10 +0900] "GET /~bob/BasicSkills/?RubyMethod HTTP/1.1" 200 13679
192.168.1.47 - - [07/May/2014:14:28:03 +0900] "GET /~bob/BasicSkills/?ProgrammingSkills HTTP/1.1" 200 13939
192.168.1.55 - - [07/May/2014:14:28:26 +0900] "GET /~bob/Basicskills/?RubyMethod HTTP/1.1" 200 12874
192.168.1.47 - - [07/May/2014:14:28:27 +0900] "GET /~bob/BasicSkills/?RubyMethod HTTP/1.1" 200 13679
192.168.1.53 - - [07/May/2014:14:29:18 +0900] "GET /~bob/Basicskills/ HTTP/1.1" 200 13610
192.168.1.53 - - [07/May/2014:14:29:22 +0900] "GET /~bob/Basicskills/?ProgrammingSkills HTTP/1.1" 200 13481
192.168.1.53 - - [07/May/2014:14:29:29 +0900] "GET /~bob/Basicskills/?RubyMethod HTTP/1.1" 200 12874
192.168.1.47 - - [07/May/2014:14:31:41 +0900] "GET /~bob/BasicSkills/?ProgrammingSkills HTTP/1.1" 200 13939
192.168.1.47 - - [07/May/2014:14:31:47 +0900] "GET /~bob/BasicSkills/?RubyIfElse HTTP/1.1" 200 12397
192.168.1.47 - - [07/May/2014:14:32:00 +0900] "GET /~bob/BasicSkills/?ProgrammingSkills HTTP/1.1" 200 13939
192.168.1.47 - - [07/May/2014:14:32:04 +0900] "GET /~bob/BasicSkills/?RubyMethod HTTP/1.1" 200 13679
172.29.0.42 - - [07/May/2014:14:38:02 +0900] "GET /~bob/BasicSkills/?ProgrammingSkills HTTP/1.1" 200 13926
172.29.0.42 - - [07/May/2014:14:38:29 +0900] "GET /~bob/BasicSkills/?ProgrammingSkills HTTP/1.1" 200 13926
172.29.0.42 - - [07/May/2014:14:38:32 +0900] "GET /~bob/BasicSkills/?SoftwareDesign HTTP/1.1" 200 15235
172.29.0.42 - - [07/May/2014:14:38:37 +0900] "GET /~bob/BasicSkills/?c=edit;p=SoftwareDesign HTTP/1.1" 200 19474
172.29.0.42 - - [07/May/2014:14:39:13 +0900] "POST /~bob/BasicSkills/ HTTP/1.1" 200 362
172.29.0.42 - - [07/May/2014:14:39:13 +0900] "GET /~bob/BasicSkills/?SoftwareDesign HTTP/1.1" 200 15247
172.29.0.42 - - [07/May/2014:14:39:22 +0900] "GET /~bob/BasicSkills/?c=edit;p=SoftwareDesign HTTP/1.1" 200 19476
172.29.0.42 - - [07/May/2014:14:40:15 +0900] "POST /~bob/BasicSkills/ HTTP/1.1" 200 362
172.29.0.42 - - [07/May/2014:14:40:15 +0900] "GET /~bob/BasicSkills/?SoftwareDesign HTTP/1.1" 200 15297
172.29.0.42 - - [07/May/2014:14:40:23 +0900] "GET /~bob/BasicSkills/?c=edit;p=SoftwareDesign HTTP/1.1" 200 19476
192.168.1.52 - - [07/May/2014:14:40:26 +0900] "GET /~bob/Basicskills/?RubyMethod HTTP/1.1" 200 12874
172.29.0.42 - - [07/May/2014:14:41:01 +0900] "POST /~bob/BasicSkills/ HTTP/1.1" 200 362
172.29.0.42 - - [07/May/2014:14:41:01 +0900] "GET /~bob/BasicSkills/?SoftwareDesign HTTP/1.1" 200 15307
172.29.0.42 - - [07/May/2014:14:42:02 +0900] "GET /~bob/BasicSkills/?SoftWareCompositeDesign HTTP/1.1" 200 10699
172.29.0.42 - - [07/May/2014:14:42:45 +0900] "GET /~bob/BasicSkills/ HTTP/1.1" 200 13979
172.29.0.42 - - [07/May/2014:14:42:49 +0900] "GET /~bob/BasicSkills/?c=edit;p=FrontPage HTTP/1.1" 200 15902
172.29.0.42 - - [07/May/2014:14:43:31 +0900] "POST /~bob/BasicSkills/ HTTP/1.1" 200 352
172.29.0.42 - - [07/May/2014:14:43:32 +0900] "GET /~bob/BasicSkills/?FrontPage HTTP/1.1" 200 14342
172.29.0.42 - - [07/May/2014:14:43:35 +0900] "GET /~bob/BasicSkills/?c=edit;p=PC_number HTTP/1.1" 200 13330
172.29.0.42 - - [07/May/2014:14:43:55 +0900] "GET /~yoshii/hiki/ HTTP/1.1" 200 18424
172.29.0.42 - - [07/May/2014:14:43:58 +0900] "GET /~yoshii/hiki/?NextWeek HTTP/1.1" 200 15150
172.29.0.42 - - [07/May/2014:14:44:01 +0900] "GET /~yoshii/hiki/?c=login;p=NextWeek HTTP/1.1" 200 12585
172.29.0.42 - - [07/May/2014:14:44:10 +0900] "POST /~yoshii/hiki/ HTTP/1.1" 403 12615
172.29.0.42 - - [07/May/2014:14:44:16 +0900] "POST /~yoshii/hiki/ HTTP/1.1" 200 342
172.29.0.42 - - [07/May/2014:14:44:16 +0900] "GET /~yoshii/hiki/?NextWeek HTTP/1.1" 200 15488
172.29.0.42 - - [07/May/2014:14:44:19 +0900] "GET /~yoshii/hiki/?c=edit;p=NextWeek HTTP/1.1" 200 17204
172.29.0.42 - - [07/May/2014:14:44:26 +0900] "POST /~yoshii/hiki/ HTTP/1.1" 200 342
172.29.0.42 - - [07/May/2014:14:44:27 +0900] "GET /~yoshii/hiki/?NextWeek HTTP/1.1" 200 15488
172.29.0.42 - - [07/May/2014:14:46:24 +0900] "POST /~bob/BasicSkills/ HTTP/1.1" 200 352
172.29.0.42 - - [07/May/2014:14:46:25 +0900] "GET /~bob/BasicSkills/?PC_number HTTP/1.1" 200 8950
172.29.0.42 - - [07/May/2014:14:46:29 +0900] "GET /~bob/BasicSkills/?c=edit;p=PC_number HTTP/1.1" 200 13496
172.29.0.42 - - [07/May/2014:14:51:48 +0900] "POST /~bob/BasicSkills/ HTTP/1.1" 404 7881
172.29.0.42 - - [07/May/2014:14:51:55 +0900] "POST /~bob/BasicSkills/ HTTP/1.1" 404 7881
172.29.0.42 - - [07/May/2014:14:51:57 +0900] "GET /~bob/BasicSkills/?c=login;p=PC_number HTTP/1.1" 200 8559
172.29.0.42 - - [07/May/2014:14:52:04 +0900] "POST /~bob/BasicSkills/ HTTP/1.1" 200 352
172.29.0.42 - - [07/May/2014:14:52:04 +0900] "GET /~bob/BasicSkills/?PC_number HTTP/1.1" 200 8950
172.29.0.42 - - [07/May/2014:14:52:07 +0900] "GET /~bob/BasicSkills/?c=edit;p=PC_number HTTP/1.1" 200 13496
172.29.0.42 - - [07/May/2014:14:52:10 +0900] "POST /~bob/BasicSkills/ HTTP/1.1" 200 352
172.29.0.42 - - [07/May/2014:14:52:10 +0900] "GET /~bob/BasicSkills/?PC_number HTTP/1.1" 200 9998
172.29.0.42 - - [07/May/2014:14:52:23 +0900] "GET /~bob/BasicSkills/?PC_number HTTP/1.1" 200 9998
172.29.0.42 - - [07/May/2014:14:52:26 +0900] "GET /~bob/BasicSkills/ HTTP/1.1" 200 14319
172.29.0.42 - - [07/May/2014:14:52:28 +0900] "GET /~bob/BasicSkills/?PC_number HTTP/1.1" 200 10027
172.29.0.42 - - [07/May/2014:14:52:30 +0900] "GET /~bob/BasicSkills/ HTTP/1.1" 200 14319
172.29.0.42 - - [07/May/2014:14:54:27 +0900] "GET /~bob/BasicSkills/?TSP HTTP/1.1" 200 12872
172.29.0.42 - - [07/May/2014:14:54:27 +0900] "GET /~bob/BasicSkills/?c=plugin;plugin=attach_download;p=TSPAns2;file_name=plot_route3.png HTTP/1.1" 200 4881
172.29.0.42 - - [07/May/2014:14:54:27 +0900] "GET /~bob/BasicSkills/?c=plugin;plugin=attach_download;p=TSPAns2;file_name=plot_route1.png HTTP/1.1" 200 5416
172.29.0.42 - - [07/May/2014:14:54:27 +0900] "GET /~bob/BasicSkills/?c=plugin;plugin=attach_download;p=TSPAns2;file_name=plot_route2.png HTTP/1.1" 200 5472
172.29.0.42 - - [07/May/2014:14:54:42 +0900] "GET /~bob/BasicSkills/?TSPAns2 HTTP/1.1" 200 19137
172.29.0.42 - - [07/May/2014:14:54:42 +0900] "GET /~bob/BasicSkills/?c=plugin;plugin=attach_download;p=TSPAns2;file_name=plot1.gif HTTP/1.1" 200 1375
172.29.0.42 - - [07/May/2014:14:55:24 +0900] "GET /~bob/BasicSkills/?TSPAns1 HTTP/1.1" 200 19256
192.168.1.52 - - [07/May/2014:15:00:48 +0900] "GET /~bob/Basicskills/?ProgrammingRuby HTTP/1.1" 200 9043
192.168.1.52 - - [07/May/2014:15:00:54 +0900] "GET /~bob/Basicskills/?RubyLIst HTTP/1.1" 200 13014
192.168.1.52 - - [07/May/2014:15:01:42 +0900] "GET /~bob/Basicskills/ HTTP/1.1" 200 13950
192.168.1.52 - - [07/May/2014:15:01:49 +0900] "GET /~bob/Basicskills/?PC_number HTTP/1.1" 200 9104
192.168.1.54 - - [07/May/2014:15:02:28 +0900] "GET /~bob/Basicskills/?Sakakibara_GoogleRecruit HTTP/1.1" 200 13200
192.168.1.54 - - [07/May/2014:15:02:32 +0900] "GET /~bob/Basicskills/?PC_number HTTP/1.1" 200 9104
192.168.1.57 - - [07/May/2014:15:02:33 +0900] "GET /~yoshii/hiki/?FrontPage HTTP/1.1" 200 18416
192.168.1.57 - - [07/May/2014:15:02:33 +0900] "GET /~yoshii/hiki/theme/hiki_base.css HTTP/1.1" 200 1653
192.168.1.57 - - [07/May/2014:15:02:33 +0900] "GET /~yoshii/hiki/theme/bob/bob.css HTTP/1.1" 200 10018
192.168.1.57 - - [07/May/2014:15:02:33 +0900] "GET /favicon.ico HTTP/1.1" 404 209
192.168.1.49 - - [07/May/2014:15:02:50 +0900] "GET /~bob/Basicskills/ HTTP/1.1" 200 13950
192.168.1.49 - - [07/May/2014:15:02:52 +0900] "GET /~bob/Basicskills/theme/bob/bob.css HTTP/1.1" 304 -
192.168.1.49 - - [07/May/2014:15:02:55 +0900] "GET /~bob/Basicskills/?PC_number HTTP/1.1" 200 9104
192.168.1.49 - - [07/May/2014:15:03:05 +0900] "GET /~bob/Basicskills/?c=login;p=PC_number HTTP/1.1" 200 8570
192.168.1.49 - - [07/May/2014:15:03:07 +0900] "POST /~bob/Basicskills/ HTTP/1.1" 200 348
192.168.1.49 - - [07/May/2014:15:03:07 +0900] "GET /~bob/Basicskills/?PC_number HTTP/1.1" 200 10080
192.168.1.52 - - [07/May/2014:15:03:59 +0900] "GET /~bob/Basicskills/?ProgrammingSkills HTTP/1.1" 200 13527
192.168.1.52 - - [07/May/2014:15:04:01 +0900] "GET /~bob/Basicskills/?CUI HTTP/1.1" 200 12947
192.168.1.52 - - [07/May/2014:15:04:02 +0900] "GET /~bob/Basicskills/?c=plugin;plugin=attach_download;p=CUI;file_name=FolderConfig2.gif HTTP/1.1" 200 16936
192.168.1.49 - - [07/May/2014:15:04:20 +0900] "GET /~bob/Basicskills/?c=edit;p=PC_number HTTP/1.1" 200 13697
192.168.1.54 - - [07/May/2014:15:04:35 +0900] "GET /~bob/Basicskills/?c=login;p=PC_number HTTP/1.1" 200 8570
192.168.1.54 - - [07/May/2014:15:04:40 +0900] "POST /~bob/Basicskills/ HTTP/1.1" 200 348
192.168.1.54 - - [07/May/2014:15:04:40 +0900] "GET /~bob/Basicskills/?PC_number HTTP/1.1" 200 10080
192.168.1.54 - - [07/May/2014:15:04:49 +0900] "GET /~bob/Basicskills/?c=edit;p=PC_number HTTP/1.1" 200 13697
192.168.1.49 - - [07/May/2014:15:05:01 +0900] "POST /~bob/Basicskills/ HTTP/1.1" 200 348
192.168.1.49 - - [07/May/2014:15:05:01 +0900] "GET /~bob/Basicskills/?PC_number HTTP/1.1" 200 10219
192.168.1.54 - - [07/May/2014:15:05:03 +0900] "GET /~bob/Basicskills/?c=edit;p=PC_number HTTP/1.1" 200 13729
192.168.1.47 - - [07/May/2014:15:05:09 +0900] "GET /~bob/BasicSkills/?ProgrammingSkills HTTP/1.1" 200 13985
192.168.1.54 - - [07/May/2014:15:05:17 +0900] "POST /~bob/Basicskills/ HTTP/1.1" 200 348
192.168.1.54 - - [07/May/2014:15:05:18 +0900] "GET /~bob/Basicskills/?PC_number HTTP/1.1" 200 10359
192.168.1.47 - - [07/May/2014:15:05:20 +0900] "GET /~bob/BasicSkills/?PC_number HTTP/1.1" 200 10359
192.168.1.47 - - [07/May/2014:15:05:30 +0900] "GET /~bob/BasicSkills/?c=edit;p=PC_number HTTP/1.1" 200 13759
192.168.1.47 - - [07/May/2014:15:06:08 +0900] "POST /~bob/BasicSkills/ HTTP/1.1" 200 348
192.168.1.47 - - [07/May/2014:15:06:08 +0900] "GET /~bob/BasicSkills/?PC_number HTTP/1.1" 200 10499
192.168.1.47 - - [07/May/2014:15:06:14 +0900] "GET /~bob/BasicSkills/?ProgrammingSkills HTTP/1.1" 200 13985
192.168.1.47 - - [07/May/2014:15:06:18 +0900] "GET /~bob/BasicSkills/?RubyMethod HTTP/1.1" 200 13725
192.168.1.52 - - [07/May/2014:15:06:43 +0900] "GET /~bob/Basicskills/?PC_number HTTP/1.1" 200 9223
192.168.1.52 - - [07/May/2014:15:06:45 +0900] "GET /~bob/Basicskills/?c=login;p=PC_number HTTP/1.1" 200 8570
192.168.1.52 - - [07/May/2014:15:06:59 +0900] "POST /~bob/Basicskills/ HTTP/1.1" 200 348
192.168.1.52 - - [07/May/2014:15:06:59 +0900] "GET /~bob/Basicskills/?PC_number HTTP/1.1" 200 10499
192.168.1.52 - - [07/May/2014:15:07:14 +0900] "GET /~bob/Basicskills/?c=edit;p=PC_number HTTP/1.1" 200 13792
192.168.1.52 - - [07/May/2014:15:10:08 +0900] "POST /~bob/Basicskills/ HTTP/1.1" 200 348
192.168.1.52 - - [07/May/2014:15:10:08 +0900] "GET /~bob/Basicskills/?PC_number HTTP/1.1" 200 10639
192.168.1.52 - - [07/May/2014:15:10:39 +0900] "GET /~bob/Basicskills/?PC_number HTTP/1.1" 200 10639
192.168.1.52 - - [07/May/2014:15:10:39 +0900] "GET /~bob/Basicskills/theme/hiki_base.css HTTP/1.1" 304 -
192.168.1.52 - - [07/May/2014:15:10:39 +0900] "GET /~bob/Basicskills/theme/bob/bob.css HTTP/1.1" 304 -
192.168.1.52 - - [07/May/2014:15:10:41 +0900] "GET /~bob/Basicskills/?c=logout HTTP/1.1" 200 328
192.168.1.52 - - [07/May/2014:15:10:41 +0900] "GET /~bob/Basicskills/ HTTP/1.1" 200 13950
172.29.0.42 - - [07/May/2014:15:13:30 +0900] "GET /~bob/BasicSkills/?TSPAns3 HTTP/1.1" 200 18966
172.29.0.42 - - [07/May/2014:15:13:31 +0900] "GET /~bob/BasicSkills/?c=plugin;plugin=attach_download;p=TSPAns3;file_name=plot1.gif HTTP/1.1" 200 1890
172.29.0.42 - - [07/May/2014:15:13:31 +0900] "GET /~bob/BasicSkills/?c=plugin;plugin=attach_download;p=TSPAns3;file_name=plot_route_final.png HTTP/1.1" 200 4802
172.29.0.42 - - [07/May/2014:15:14:10 +0900] "GET /~bob/BasicSkills/?PC_number HTTP/1.1" 200 10554
172.29.0.42 - - [07/May/2014:15:14:26 +0900] "GET /~bob/BasicSkills/?c=edit;p=PC_number HTTP/1.1" 200 13832
172.29.0.42 - - [07/May/2014:15:15:21 +0900] "POST /~bob/BasicSkills/ HTTP/1.1" 200 352
172.29.0.42 - - [07/May/2014:15:15:21 +0900] "GET /~bob/BasicSkills/?PC_number HTTP/1.1" 200 10614
192.168.1.52 - - [07/May/2014:15:15:44 +0900] "GET /~bob/Basicskills/ HTTP/1.1" 200 13950
192.168.1.49 - - [07/May/2014:15:17:09 +0900] "GET /~bob/Basicskills/?c=edit;p=PC_number HTTP/1.1" 200 13856
192.168.1.49 - - [07/May/2014:15:17:28 +0900] "POST /~bob/Basicskills/ HTTP/1.1" 200 348
192.168.1.49 - - [07/May/2014:15:17:28 +0900] "GET /~bob/Basicskills/?PC_number HTTP/1.1" 200 10714
192.168.1.52 - - [07/May/2014:15:17:34 +0900] "GET /~bob/Basicskills/?PC_number HTTP/1.1" 200 9338
192.168.1.52 - - [07/May/2014:15:17:50 +0900] "GET /~bob/Basicskills/?c=login;p=PC_number HTTP/1.1" 200 8570
192.168.1.52 - - [07/May/2014:15:18:00 +0900] "POST /~bob/Basicskills/ HTTP/1.1" 200 348
192.168.1.52 - - [07/May/2014:15:18:00 +0900] "GET /~bob/Basicskills/?PC_number HTTP/1.1" 200 10714
192.168.1.52 - - [07/May/2014:15:18:06 +0900] "GET /~bob/Basicskills/?c=edit;p=PC_number HTTP/1.1" 200 13864
192.168.1.49 - - [07/May/2014:15:19:29 +0900] "GET /~bob/Basicskills/?ProgrammingSkills HTTP/1.1" 200 13985
172.29.0.42 - - [07/May/2014:15:19:57 +0900] "GET /~bob/BasicSkills/ HTTP/1.1" 200 14319
172.29.0.42 - - [07/May/2014:15:20:00 +0900] "GET /~bob/BasicSkills/?ProgrammingSkills HTTP/1.1" 200 13972
172.29.0.42 - - [07/May/2014:15:20:05 +0900] "GET /~bob/BasicSkills/?SoftwareDesign HTTP/1.1" 200 15353
192.168.1.49 - - [07/May/2014:15:20:06 +0900] "GET /~bob/Basicskills/?Emacs HTTP/1.1" 200 11212
172.29.0.42 - - [07/May/2014:15:20:12 +0900] "GET /~bob/BasicSkills/?DataFlowDiagram HTTP/1.1" 200 14394
172.29.0.42 - - [07/May/2014:15:20:12 +0900] "GET /~bob/BasicSkills/?c=plugin;plugin=attach_download;p=DataFlowDiagram;file_name=dfd-2.png HTTP/1.1" 200 8480
172.29.0.42 - - [07/May/2014:15:20:12 +0900] "GET /~bob/BasicSkills/?c=plugin;plugin=attach_download;p=upDotGraph.rb;file_name=upDotGraph-2.png HTTP/1.1" 200 7862
192.168.1.52 - - [07/May/2014:15:20:25 +0900] "POST /~bob/Basicskills/ HTTP/1.1" 200 16542
192.168.1.49 - - [07/May/2014:15:20:41 +0900] "GET /~bob/Basicskills/?c=plugin;plugin=attach_download;p=Emacs;file_name=ruby_emacs.txt HTTP/1.1" 200 817
192.168.1.52 - - [07/May/2014:15:21:35 +0900] "POST /~bob/Basicskills/ HTTP/1.1" 200 16598
192.168.1.52 - - [07/May/2014:15:21:47 +0900] "POST /~bob/Basicskills/ HTTP/1.1" 200 348
192.168.1.52 - - [07/May/2014:15:21:47 +0900] "GET /~bob/Basicskills/?PC_number HTTP/1.1" 200 10800
192.168.1.49 - - [07/May/2014:15:22:04 +0900] "GET /~bob/Basicskills/?RubyMethod HTTP/1.1" 200 13725
172.29.0.42 - - [07/May/2014:15:24:05 +0900] "GET /~bob/BasicSkills/?c=edit;p=SoftwareDesign HTTP/1.1" 200 19486
172.29.0.42 - - [07/May/2014:15:24:53 +0900] "POST /~bob/BasicSkills/ HTTP/1.1" 200 362
172.29.0.42 - - [07/May/2014:15:24:53 +0900] "GET /~bob/BasicSkills/?SoftwareDesign HTTP/1.1" 200 15467
172.29.0.42 - - [07/May/2014:15:24:57 +0900] "GET /~bob/BasicSkills/?c=edit;p=SoftwareDesign HTTP/1.1" 200 19501
192.168.1.42 - - [07/May/2014:15:25:56 +0900] "GET /~yosuke/YamamotoDThesis/?c=recent HTTP/1.1" 200 23135
172.29.0.42 - - [07/May/2014:15:25:57 +0900] "POST /~bob/BasicSkills/ HTTP/1.1" 200 362
172.29.0.42 - - [07/May/2014:15:25:58 +0900] "GET /~bob/BasicSkills/?SoftwareDesign HTTP/1.1" 200 15524
192.168.1.42 - - [07/May/2014:15:26:17 +0900] "GET /~yosuke/YamamotoDThesis/?c=recent HTTP/1.1" 200 23135
192.168.1.42 - - [07/May/2014:15:26:18 +0900] "GET /~yosuke/YamamotoDThesis/ HTTP/1.1" 200 10915
192.168.1.42 - - [07/May/2014:15:26:21 +0900] "GET /~yosuke/YamamotoDThesis/?SiC HTTP/1.1" 200 9844
192.168.1.42 - - [07/May/2014:15:26:27 +0900] "GET /~yosuke/YamamotoDThesis/?%B4%F0%C4%EC%BE%F5%C2%D6%A4%CB%A4%AA%A4%B1%A4%EBSiC%B7%EB%BE%BD%C2%BF%B7%C1%A4%CE%C1%EA%B0%C2%C4%EA%C0%AD HTTP/1.1" 200 11451
192.168.1.42 - - [07/May/2014:15:26:31 +0900] "GET /~yosuke/YamamotoDThesis/?SiC HTTP/1.1" 200 9844
172.29.0.42 - - [07/May/2014:15:28:47 +0900] "POST /~bob/BasicSkills/ HTTP/1.1" 200 23325
172.29.0.42 - - [07/May/2014:15:29:08 +0900] "GET /~bob/BasicSkills/?SoftwareDesign HTTP/1.1" 200 15524
172.29.0.42 - - [07/May/2014:15:29:08 +0900] "GET /~bob/BasicSkills/theme/hiki_base.css HTTP/1.1" 304 -
172.29.0.42 - - [07/May/2014:15:29:08 +0900] "GET /~bob/BasicSkills/theme/bob/bob.css HTTP/1.1" 304 -
172.29.0.42 - - [07/May/2014:15:29:14 +0900] "GET /~bob/BasicSkills/?c=edit;p=SoftwareDesign HTTP/1.1" 200 19544
172.29.0.42 - - [07/May/2014:15:29:29 +0900] "POST /~bob/BasicSkills/ HTTP/1.1" 200 362
172.29.0.42 - - [07/May/2014:15:29:30 +0900] "GET /~bob/BasicSkills/?SoftwareDesign HTTP/1.1" 200 15602
172.29.0.42 - - [07/May/2014:15:29:41 +0900] "GET /~bob/BasicSkills/?c=edit;p=SoftwareDesign HTTP/1.1" 200 19615
172.29.0.42 - - [07/May/2014:15:29:48 +0900] "POST /~bob/BasicSkills/ HTTP/1.1" 200 362
172.29.0.42 - - [07/May/2014:15:29:48 +0900] "GET /~bob/BasicSkills/?SoftwareDesign HTTP/1.1" 200 15599
172.29.0.42 - - [07/May/2014:15:30:08 +0900] "GET /~bob/BasicSkills/?SoftWareCompositeDesign HTTP/1.1" 200 10745
172.29.0.42 - - [07/May/2014:15:42:23 +0900] "GET /~bob/BasicSkills/?SoftwareDesign HTTP/1.1" 200 15599
192.168.1.53 - - [07/May/2014:15:42:45 +0900] "GET /~bob/Basicskills/?ProgrammingSkills HTTP/1.1" 200 13527
192.168.1.53 - - [07/May/2014:15:42:47 +0900] "GET /~bob/Basicskills/?RubyIfElse HTTP/1.1" 200 11651
172.29.0.42 - - [07/May/2014:15:42:51 +0900] "GET /~bob/BasicSkills/?DataFlowDiagram HTTP/1.1" 200 14394
192.168.1.53 - - [07/May/2014:15:42:53 +0900] "GET /~bob/Basicskills/?RubyMethod HTTP/1.1" 200 12920
192.168.1.47 - - [07/May/2014:15:50:45 +0900] "GET /~bob/BasicSkills/?ProgrammingSkills HTTP/1.1" 200 13527
192.168.1.47 - - [07/May/2014:15:50:54 +0900] "GET /~bob/BasicSkills/?c=login;p=ProgrammingSkills HTTP/1.1" 200 8586
192.168.1.47 - - [07/May/2014:15:51:10 +0900] "POST /~bob/BasicSkills/ HTTP/1.1" 200 364
192.168.1.47 - - [07/May/2014:15:51:10 +0900] "GET /~bob/BasicSkills/?ProgrammingSkills HTTP/1.1" 200 13985
192.168.1.47 - - [07/May/2014:15:51:29 +0900] "GET /~bob/BasicSkills/?c=edit;p=ProgrammingSkills HTTP/1.1" 200 15787
192.168.1.47 - - [07/May/2014:15:51:51 +0900] "POST /~bob/BasicSkills/ HTTP/1.1" 200 364
192.168.1.47 - - [07/May/2014:15:51:51 +0900] "GET /~bob/BasicSkills/?ProgrammingSkills HTTP/1.1" 200 13986
192.168.1.47 - - [07/May/2014:15:52:05 +0900] "GET /~bob/BasicSkills/?c=edit;p=ProgrammingSkills HTTP/1.1" 200 15788
192.168.1.47 - - [07/May/2014:15:52:39 +0900] "POST /~bob/BasicSkills/ HTTP/1.1" 200 364
192.168.1.47 - - [07/May/2014:15:52:39 +0900] "GET /~bob/BasicSkills/?ProgrammingSkills HTTP/1.1" 200 13990
192.168.1.47 - - [07/May/2014:15:52:44 +0900] "GET /~bob/BasicSkills/?MapleTerminal HTTP/1.1" 200 20138
192.168.1.47 - - [07/May/2014:15:52:44 +0900] "GET /~bob/BasicSkills/?c=plugin;plugin=attach_download;p=MapleTerminal;file_name=file2.gif HTTP/1.1" 200 12370
192.168.1.53 - - [07/May/2014:15:53:48 +0900] "GET /~bob/Basicskills/?Katagiri_MapleTerminal HTTP/1.1" 200 13202
192.168.1.53 - - [07/May/2014:15:53:48 +0900] "GET /~bob/Basicskills/?c=plugin;plugin=attach_download;p=Katagiri_MapleTerminal;file_name=maple.png HTTP/1.1" 200 28396
192.168.1.53 - - [07/May/2014:15:53:48 +0900] "GET /~bob/Basicskills/?c=plugin;plugin=attach_download;p=Katagiri_MapleTerminal;file_name=file2.gif HTTP/1.1" 200 51457
192.168.1.52 - - [07/May/2014:15:54:24 +0900] "GET /~bob/Basicskills/?ProgrammingSkills HTTP/1.1" 200 13990
192.168.1.52 - - [07/May/2014:15:54:44 +0900] "GET /~bob/Basicskills/?c=edit;p=ProgrammingSkills HTTP/1.1" 200 15792
172.29.0.42 - - [07/May/2014:15:55:03 +0900] "GET /~bob/BasicSkills/ HTTP/1.1" 200 13956
172.29.0.42 - - [07/May/2014:15:55:03 +0900] "GET /~bob/BasicSkills/theme/bob/bob.css HTTP/1.1" 304 -
172.29.0.42 - - [07/May/2014:15:55:08 +0900] "GET /~bob/BasicSkills/?TSPAns1 HTTP/1.1" 200 18997
192.168.1.52 - - [07/May/2014:15:55:15 +0900] "POST /~bob/Basicskills/ HTTP/1.1" 200 21529
192.168.1.52 - - [07/May/2014:15:55:54 +0900] "POST /~bob/Basicskills/ HTTP/1.1" 200 21541
192.168.1.52 - - [07/May/2014:15:56:22 +0900] "POST /~bob/Basicskills/ HTTP/1.1" 200 364
192.168.1.52 - - [07/May/2014:15:56:22 +0900] "GET /~bob/Basicskills/?ProgrammingSkills HTTP/1.1" 200 13996
192.168.1.52 - - [07/May/2014:15:56:47 +0900] "GET /~bob/Basicskills/?Sakakibara_loop HTTP/1.1" 200 27771
172.29.0.42 - - [07/May/2014:15:57:54 +0900] "GET /~bob/BasicSkills/?TSPAns2 HTTP/1.1" 200 18878
172.29.0.42 - - [07/May/2014:15:57:55 +0900] "GET /~bob/BasicSkills/?c=plugin;plugin=attach_download;p=TSPAns2;file_name=plot1.gif HTTP/1.1" 200 1375
192.168.1.52 - - [07/May/2014:15:59:28 +0900] "GET /~bob/Basicskills/?ProgrammingRuby HTTP/1.1" 200 9545
192.168.1.47 - - [07/May/2014:16:02:25 +0900] "GET /~bob/BasicSkills/?Katagiri_MapleTerminal HTTP/1.1" 200 13897
192.168.1.47 - - [07/May/2014:16:02:25 +0900] "GET /~bob/BasicSkills/?c=plugin;plugin=attach_download;p=Katagiri_MapleTerminal;file_name=maple.png HTTP/1.1" 200 28396
192.168.1.47 - - [07/May/2014:16:02:25 +0900] "GET /~bob/BasicSkills/?c=plugin;plugin=attach_download;p=Katagiri_MapleTerminal;file_name=file2.gif HTTP/1.1" 200 51457
172.29.0.42 - - [07/May/2014:16:03:34 +0900] "GET /~bob/BasicSkills/?c=login;p=TSPAns2 HTTP/1.1" 200 8555
172.29.0.42 - - [07/May/2014:16:03:39 +0900] "POST /~bob/BasicSkills/ HTTP/1.1" 200 348
172.29.0.42 - - [07/May/2014:16:03:39 +0900] "GET /~bob/BasicSkills/?TSPAns2 HTTP/1.1" 200 19137
172.29.0.42 - - [07/May/2014:16:03:42 +0900] "GET /~bob/BasicSkills/?c=edit;p=TSPAns2 HTTP/1.1" 200 16337
192.168.1.52 - - [07/May/2014:16:03:50 +0900] "GET /~bob/Basicskills/?RubyIfElse HTTP/1.1" 200 12443
192.168.1.52 - - [07/May/2014:16:21:30 +0900] "GET /~bob/Basicskills/?Kawaguchi_KnowledgeStructure HTTP/1.1" 200 10710
192.168.1.52 - - [07/May/2014:16:30:45 +0900] "GET /~bob/Basicskills/?c=login;p=Kawaguchi_KnowledgeStructure HTTP/1.1" 200 8608
192.168.1.52 - - [07/May/2014:16:30:54 +0900] "POST /~bob/Basicskills/ HTTP/1.1" 200 386
192.168.1.52 - - [07/May/2014:16:30:54 +0900] "GET /~bob/Basicskills/?Kawaguchi_KnowledgeStructure HTTP/1.1" 200 10993
192.168.1.52 - - [07/May/2014:16:30:56 +0900] "GET /~bob/Basicskills/?c=create HTTP/1.1" 200 8446
192.168.1.52 - - [07/May/2014:16:31:14 +0900] "GET /~bob/Basicskills/?c=create&key=Kawaguchi_RubyIfElse HTTP/1.1" 200 13422
192.168.1.52 - - [07/May/2014:16:31:38 +0900] "POST /~bob/Basicskills/ HTTP/1.1" 200 370
192.168.1.52 - - [07/May/2014:16:31:38 +0900] "GET /~bob/Basicskills/?Kawaguchi_RubyIfElse HTTP/1.1" 200 24005
172.29.0.42 - - [07/May/2014:16:31:55 +0900] "POST /~bob/BasicSkills/ HTTP/1.1" 200 348
172.29.0.42 - - [07/May/2014:16:31:56 +0900] "GET /~bob/BasicSkills/?TSPAns2 HTTP/1.1" 200 19211
192.168.1.52 - - [07/May/2014:16:32:09 +0900] "GET /~bob/Basicskills/?TextFormattingRules HTTP/1.1" 200 21735
192.168.1.52 - - [07/May/2014:16:32:21 +0900] "GET /~bob/Basicskills/?c=edit;p=Kawaguchi_RubyIfElse HTTP/1.1" 200 17995
192.168.1.52 - - [07/May/2014:16:33:48 +0900] "POST /~bob/Basicskills/ HTTP/1.1" 200 33858
192.168.1.52 - - [07/May/2014:16:34:04 +0900] "POST /~bob/Basicskills/ HTTP/1.1" 200 370
192.168.1.52 - - [07/May/2014:16:34:05 +0900] "GET /~bob/Basicskills/?Kawaguchi_RubyIfElse HTTP/1.1" 200 23948
192.168.1.52 - - [07/May/2014:16:34:07 +0900] "GET /~bob/Basicskills/?c=edit;p=Kawaguchi_RubyIfElse HTTP/1.1" 200 18012
192.168.1.52 - - [07/May/2014:16:36:00 +0900] "POST /~bob/Basicskills/ HTTP/1.1" 200 23253
192.168.1.52 - - [07/May/2014:16:37:55 +0900] "POST /~bob/Basicskills/ HTTP/1.1" 200 23657
192.168.1.52 - - [07/May/2014:16:38:13 +0900] "POST /~bob/Basicskills/ HTTP/1.1" 200 23838
192.168.1.52 - - [07/May/2014:16:38:49 +0900] "POST /~bob/Basicskills/ HTTP/1.1" 200 23843
192.168.1.52 - - [07/May/2014:16:40:07 +0900] "POST /~bob/Basicskills/ HTTP/1.1" 200 23921
192.168.1.52 - - [07/May/2014:16:40:36 +0900] "POST /~bob/Basicskills/ HTTP/1.1" 200 23939
192.168.1.52 - - [07/May/2014:16:41:34 +0900] "POST /~bob/Basicskills/ HTTP/1.1" 200 370
192.168.1.52 - - [07/May/2014:16:41:35 +0900] "GET /~bob/Basicskills/?Kawaguchi_RubyIfElse HTTP/1.1" 200 13903
192.168.1.57 - - [07/May/2014:16:42:48 +0900] "GET /~yoshii/bob/BasicSkills HTTP/1.1" 404 221
192.168.1.57 - - [07/May/2014:16:42:59 +0900] "GET /bob/BasicSkills HTTP/1.1" 404 213
192.168.1.52 - - [07/May/2014:16:43:06 +0900] "GET /~bob/Basicskills/?c=edit;p=Kawaguchi_RubyIfElse HTTP/1.1" 200 18134
192.168.1.52 - - [07/May/2014:16:43:20 +0900] "POST /~bob/Basicskills/ HTTP/1.1" 200 370
192.168.1.52 - - [07/May/2014:16:43:20 +0900] "GET /~bob/Basicskills/?Kawaguchi_RubyIfElse HTTP/1.1" 200 13904
192.168.1.57 - - [07/May/2014:16:43:23 +0900] "GET /~bob/Basicskills/ HTTP/1.1" 200 14018
192.168.1.57 - - [07/May/2014:16:43:23 +0900] "GET /~bob/Basicskills/theme/hiki_base.css HTTP/1.1" 200 428
192.168.1.57 - - [07/May/2014:16:43:23 +0900] "GET /~bob/Basicskills/theme/bob/bob.css HTTP/1.1" 200 11457
192.168.1.57 - - [07/May/2014:16:43:56 +0900] "GET /~yoshii/hiki/?FrontPage HTTP/1.1" 200 18416
192.168.1.52 - - [07/May/2014:16:43:59 +0900] "GET /~bob/Basicskills/?c=edit;p=Kawaguchi_RubyIfElse HTTP/1.1" 200 18135
192.168.1.52 - - [07/May/2014:16:44:15 +0900] "POST /~bob/Basicskills/ HTTP/1.1" 200 370
192.168.1.52 - - [07/May/2014:16:44:16 +0900] "GET /~bob/Basicskills/?Kawaguchi_RubyIfElse HTTP/1.1" 200 13904
192.168.1.52 - - [07/May/2014:16:44:38 +0900] "GET /~bob/Basicskills/ HTTP/1.1" 200 14392
172.29.0.42 - - [07/May/2014:16:44:39 +0900] "GET /~yosuke/YamamotoDThesis/ HTTP/1.1" 200 10919
172.29.0.42 - - [07/May/2014:16:44:41 +0900] "GET /~yosuke/YamamotoDThesis/?ConstraintOfFirstPrinciples HTTP/1.1" 200 17275
192.168.1.52 - - [07/May/2014:16:44:45 +0900] "GET /~bob/Basicskills/?ProgrammingSkills HTTP/1.1" 200 14064
192.168.1.52 - - [07/May/2014:16:44:49 +0900] "GET /~bob/Basicskills/?c=edit;p=ProgrammingSkills HTTP/1.1" 200 15798
192.168.1.57 - - [07/May/2014:16:44:59 +0900] "GET /~bob/Basicskills/ HTTP/1.1" 200 14018
192.168.1.57 - - [07/May/2014:16:45:01 +0900] "GET /~bob/Basicskills/?ProgrammingSkills HTTP/1.1" 200 13606
192.168.1.52 - - [07/May/2014:16:46:36 +0900] "POST /~bob/Basicskills/ HTTP/1.1" 200 364
192.168.1.52 - - [07/May/2014:16:46:37 +0900] "GET /~bob/Basicskills/?ProgrammingSkills HTTP/1.1" 200 14108
192.168.1.52 - - [07/May/2014:16:46:51 +0900] "GET /~bob/Basicskills/?Kawaguchi_RubyIfElse HTTP/1.1" 200 13959
192.168.1.52 - - [07/May/2014:16:50:40 +0900] "GET /~bob/Basicskills/?c=create HTTP/1.1" 200 8514
192.168.1.52 - - [07/May/2014:16:50:48 +0900] "GET /~bob/Basicskills/?ProgrammingSkills HTTP/1.1" 200 14108
192.168.1.52 - - [07/May/2014:16:50:54 +0900] "GET /~bob/Basicskills/?ProgrammingRuby HTTP/1.1" 200 9613
192.168.1.52 - - [07/May/2014:16:51:19 +0900] "GET /~bob/Basicskills/?c=create&key=Kawaguchi_RubyMethod HTTP/1.1" 200 13422
192.168.1.52 - - [07/May/2014:16:51:42 +0900] "GET /~bob/Basicskills/?RubyMethod HTTP/1.1" 200 13793
192.168.1.52 - - [07/May/2014:16:56:13 +0900] "POST /~bob/Basicskills/ HTTP/1.1" 200 15563
192.168.1.52 - - [07/May/2014:16:56:50 +0900] "POST /~bob/Basicskills/ HTTP/1.1" 200 15219
192.168.1.52 - - [07/May/2014:16:57:38 +0900] "GET /~bob/Basicskills/?TextFormattingRules HTTP/1.1" 200 21735
192.168.1.52 - - [07/May/2014:16:57:38 +0900] "GET /~bob/Basicskills/theme/hiki_base.css HTTP/1.1" 304 -
192.168.1.52 - - [07/May/2014:16:57:38 +0900] "GET /~bob/Basicskills/theme/bob/bob.css HTTP/1.1" 304 -
192.168.1.52 - - [07/May/2014:16:59:14 +0900] "GET /~bob/Basicskills/?TextFormattingRules HTTP/1.1" 200 21735
192.168.1.52 - - [07/May/2014:16:59:14 +0900] "GET /~bob/Basicskills/theme/hiki_base.css HTTP/1.1" 304 -
192.168.1.52 - - [07/May/2014:16:59:14 +0900] "GET /~bob/Basicskills/theme/bob/bob.css HTTP/1.1" 304 -
192.168.1.52 - - [07/May/2014:16:59:16 +0900] "GET /~bob/Basicskills/?RubyMethod HTTP/1.1" 200 13793
192.168.1.52 - - [07/May/2014:16:59:16 +0900] "GET /~bob/Basicskills/theme/hiki_base.css HTTP/1.1" 304 -
192.168.1.52 - - [07/May/2014:16:59:16 +0900] "GET /~bob/Basicskills/theme/bob/bob.css HTTP/1.1" 304 -
192.168.1.52 - - [07/May/2014:17:01:19 +0900] "GET /~bob/Basicskills/?c=edit;p=RubyMethod HTTP/1.1" 200 14557
192.168.1.57 - - [07/May/2014:17:01:25 +0900] "GET /~bob/Basicskills/?ProgrammingRuby HTTP/1.1" 200 9111
192.168.1.57 - - [07/May/2014:17:01:28 +0900] "GET /~bob/Basicskills/?Emacs HTTP/1.1" 200 11020
192.168.1.57 - - [07/May/2014:17:01:37 +0900] "GET /~bob/Basicskills/?Automatic HTTP/1.1" 200 11145
192.168.1.52 - - [07/May/2014:17:01:58 +0900] "GET /~bob/Basicskills/?c=logout HTTP/1.1" 200 328
192.168.1.52 - - [07/May/2014:17:01:58 +0900] "GET /~bob/Basicskills/ HTTP/1.1" 200 14018
192.168.1.52 - - [07/May/2014:17:02:01 +0900] "GET /~bob/Basicskills/?TextFormattingRules HTTP/1.1" 200 20109
192.168.1.52 - - [07/May/2014:17:02:01 +0900] "GET /~bob/Basicskills/theme/hiki_base.css HTTP/1.1" 304 -
192.168.1.52 - - [07/May/2014:17:02:01 +0900] "GET /~bob/Basicskills/theme/bob/bob.css HTTP/1.1" 304 -
192.168.1.52 - - [07/May/2014:17:02:04 +0900] "GET /~bob/Basicskills/?Kawaguchi_RubyIfElse HTTP/1.1" 200 13484
192.168.1.52 - - [07/May/2014:17:02:13 +0900] "GET /~bob/Basicskills/?c=login;p=Kawaguchi_RubyIfElse HTTP/1.1" 200 8660
192.168.1.52 - - [07/May/2014:17:02:21 +0900] "POST /~bob/Basicskills/ HTTP/1.1" 200 370
192.168.1.52 - - [07/May/2014:17:02:22 +0900] "GET /~bob/Basicskills/?Kawaguchi_RubyIfElse HTTP/1.1" 200 13959
192.168.1.52 - - [07/May/2014:17:02:25 +0900] "GET /~bob/Basicskills/?c=edit;p=Kawaguchi_RubyIfElse HTTP/1.1" 200 18135
192.168.1.52 - - [07/May/2014:17:02:40 +0900] "POST /~bob/Basicskills/ HTTP/1.1" 200 23989
192.168.1.52 - - [07/May/2014:17:02:49 +0900] "GET /~bob/Basicskills/?Kawaguchi_RubyIfElse HTTP/1.1" 200 13959
192.168.1.52 - - [07/May/2014:17:02:49 +0900] "GET /~bob/Basicskills/theme/hiki_base.css HTTP/1.1" 304 -
192.168.1.52 - - [07/May/2014:17:02:49 +0900] "GET /~bob/Basicskills/theme/bob/bob.css HTTP/1.1" 304 -
192.168.1.52 - - [07/May/2014:17:02:51 +0900] "GET /~bob/Basicskills/?c=logout HTTP/1.1" 200 328
192.168.1.52 - - [07/May/2014:17:02:51 +0900] "GET /~bob/Basicskills/ HTTP/1.1" 200 14018
192.168.1.52 - - [07/May/2014:17:02:53 +0900] "GET /~bob/Basicskills/ HTTP/1.1" 200 14018
192.168.1.52 - - [07/May/2014:17:02:53 +0900] "GET /~bob/Basicskills/theme/hiki_base.css HTTP/1.1" 304 -
192.168.1.52 - - [07/May/2014:17:02:53 +0900] "GET /~bob/Basicskills/theme/bob/bob.css HTTP/1.1" 304 -
192.168.1.52 - - [07/May/2014:17:02:59 +0900] "GET /~bob/Basicskills/?ProgrammingSkills HTTP/1.1" 200 13650
192.168.1.52 - - [07/May/2014:17:03:00 +0900] "GET /~bob/Basicskills/?Kawaguchi_RubyIfElse HTTP/1.1" 200 13484
192.168.1.52 - - [07/May/2014:17:04:05 +0900] "GET /~bob/Basicskills/?ProgrammingSkills HTTP/1.1" 200 13650
192.168.1.52 - - [07/May/2014:17:04:08 +0900] "GET /~bob/Basicskills/?ProgrammingRuby HTTP/1.1" 200 9111
192.168.1.52 - - [07/May/2014:17:04:10 +0900] "GET /~bob/Basicskills/?RubyMethod HTTP/1.1" 200 12988
192.168.1.49 - - [07/May/2014:17:06:19 +0900] "GET /~yoshii/hiki/?FrontPage HTTP/1.1" 200 18416
192.168.1.49 - - [07/May/2014:17:06:23 +0900] "GET /~yoshii/hiki/?ThisWeek HTTP/1.1" 200 15200
192.168.1.49 - - [07/May/2014:17:06:29 +0900] "GET /~yoshii/hiki/?c=login;p=ThisWeek HTTP/1.1" 200 12594
192.168.1.49 - - [07/May/2014:17:06:31 +0900] "POST /~yoshii/hiki/ HTTP/1.1" 200 338
192.168.1.49 - - [07/May/2014:17:06:31 +0900] "GET /~yoshii/hiki/?ThisWeek HTTP/1.1" 200 15541
192.168.1.49 - - [07/May/2014:17:06:33 +0900] "GET /~yoshii/hiki/?c=edit;p=ThisWeek HTTP/1.1" 200 17826
192.168.1.49 - - [07/May/2014:17:06:37 +0900] "POST /~yoshii/hiki/ HTTP/1.1" 200 338
192.168.1.49 - - [07/May/2014:17:06:37 +0900] "GET /~yoshii/hiki/?ThisWeek HTTP/1.1" 200 15541
192.168.1.49 - - [07/May/2014:17:06:42 +0900] "GET /~bob/Basicskills/ HTTP/1.1" 200 14018
192.168.1.49 - - [07/May/2014:17:06:42 +0900] "GET /~bob/Basicskills/theme/bob/bob.css HTTP/1.1" 304 -
192.168.1.49 - - [07/May/2014:17:06:44 +0900] "GET /~bob/Basicskills/?ProgrammingSkills HTTP/1.1" 200 13650
192.168.1.49 - - [07/May/2014:17:06:48 +0900] "GET /~bob/Basicskills/?c=login;p=ProgrammingSkills HTTP/1.1" 200 8654
192.168.1.49 - - [07/May/2014:17:06:50 +0900] "POST /~bob/Basicskills/ HTTP/1.1" 200 364
192.168.1.49 - - [07/May/2014:17:06:50 +0900] "GET /~bob/Basicskills/?ProgrammingSkills HTTP/1.1" 200 14108
192.168.1.49 - - [07/May/2014:17:06:52 +0900] "GET /~bob/Basicskills/?c=edit;p=ProgrammingSkills HTTP/1.1" 200 15829
192.168.1.49 - - [07/May/2014:17:07:42 +0900] "POST /~bob/Basicskills/ HTTP/1.1" 200 364
192.168.1.49 - - [07/May/2014:17:07:42 +0900] "GET /~bob/Basicskills/?ProgrammingSkills HTTP/1.1" 200 14117
192.168.1.49 - - [07/May/2014:17:07:56 +0900] "GET /~bob/Basicskills/?c=edit;p=ProgrammingSkills HTTP/1.1" 200 15838
192.168.1.49 - - [07/May/2014:17:08:36 +0900] "POST /~bob/Basicskills/ HTTP/1.1" 200 364
192.168.1.49 - - [07/May/2014:17:08:36 +0900] "GET /~bob/Basicskills/?ProgrammingSkills HTTP/1.1" 200 14125
192.168.1.49 - - [07/May/2014:17:08:59 +0900] "GET /~bob/Basicskills/ HTTP/1.1" 200 14392
