192.168.1.57 - - [14/May/2014:10:36:05 +0900] "GET /~yoshii/hiki/?ThisWeek HTTP/1.1" 200 15213
192.168.1.52 - - [14/May/2014:10:36:10 +0900] "GET /~bob/Basicskills/?SoftwareDesign HTTP/1.1" 200 15279
192.168.1.57 - - [14/May/2014:10:36:13 +0900] "GET /~yoshii/hiki/?2014-5 HTTP/1.1" 200 13516
192.168.1.57 - - [14/May/2014:10:36:19 +0900] "GET /~yoshii/hiki/?ThisWeek HTTP/1.1" 200 15213
192.168.1.52 - - [14/May/2014:10:36:20 +0900] "GET /~bob/Basicskills/?DataFlowDiagram HTTP/1.1" 200 14747
192.168.1.52 - - [14/May/2014:10:36:20 +0900] "GET /~bob/Basicskills/?c=plugin;plugin=attach_download;p=upDotGraph.rb;file_name=upDotGraph-2.png HTTP/1.1" 200 7862
192.168.1.52 - - [14/May/2014:10:36:20 +0900] "GET /~bob/Basicskills/?c=plugin;plugin=attach_download;p=DataFlowDiagram;file_name=dfd-2.png HTTP/1.1" 200 8480
192.168.1.52 - - [14/May/2014:10:36:32 +0900] "GET /~yoshii/hiki/?FrontPage HTTP/1.1" 200 18480
192.168.1.52 - - [14/May/2014:10:36:40 +0900] "GET /~yoshii/hiki/?ThisWeek HTTP/1.1" 200 15213
192.168.1.52 - - [14/May/2014:10:37:15 +0900] "GET /~yoshii/hiki/?c=login;p=ThisWeek HTTP/1.1" 200 12658
192.168.1.52 - - [14/May/2014:10:37:25 +0900] "POST /~yoshii/hiki/ HTTP/1.1" 200 338
192.168.1.52 - - [14/May/2014:10:37:26 +0900] "GET /~yoshii/hiki/?ThisWeek HTTP/1.1" 200 15554
192.168.1.52 - - [14/May/2014:10:37:30 +0900] "GET /~yoshii/hiki/?c=edit;p=ThisWeek HTTP/1.1" 200 17775
192.168.1.52 - - [14/May/2014:10:38:07 +0900] "POST /~yoshii/hiki/ HTTP/1.1" 200 338
192.168.1.52 - - [14/May/2014:10:38:07 +0900] "GET /~yoshii/hiki/?ThisWeek HTTP/1.1" 200 15561
192.168.1.55 - - [14/May/2014:10:39:04 +0900] "GET /~bob/Basicskills/ HTTP/1.1" 200 11909
192.168.1.55 - - [14/May/2014:10:39:09 +0900] "GET /~bob/Basicskills/?ProgrammingSkills HTTP/1.1" 200 14395
192.168.1.55 - - [14/May/2014:10:39:14 +0900] "GET /~yoshii/hiki/?FrontPage HTTP/1.1" 200 18480
192.168.1.55 - - [14/May/2014:10:39:18 +0900] "GET /~yoshii/hiki/?ThisWeek HTTP/1.1" 200 15220
192.168.1.57 - - [14/May/2014:10:39:22 +0900] "GET /~yoshii/hiki/?FrontPage HTTP/1.1" 200 18480
192.168.1.55 - - [14/May/2014:10:40:03 +0900] "GET /~yoshii/hiki/?c=login;p=ThisWeek HTTP/1.1" 200 12658
192.168.1.55 - - [14/May/2014:10:40:05 +0900] "POST /~yoshii/hiki/ HTTP/1.1" 200 338
192.168.1.55 - - [14/May/2014:10:40:05 +0900] "GET /~yoshii/hiki/?ThisWeek HTTP/1.1" 200 15561
192.168.1.55 - - [14/May/2014:10:40:07 +0900] "GET /~yoshii/hiki/?c=edit;p=ThisWeek HTTP/1.1" 200 17782
192.168.1.55 - - [14/May/2014:10:40:27 +0900] "POST /~yoshii/hiki/ HTTP/1.1" 200 338
192.168.1.55 - - [14/May/2014:10:40:28 +0900] "GET /~yoshii/hiki/?ThisWeek HTTP/1.1" 200 15561
192.168.1.52 - - [14/May/2014:10:40:52 +0900] "GET /~bob/Basicskills/?upDotGraph.rb HTTP/1.1" 200 11804
172.29.0.43 - - [14/May/2014:10:42:39 +0900] "GET /~bob/BasicSkills/?SoftwareDesign HTTP/1.1" 200 15279
172.29.0.43 - - [14/May/2014:10:42:45 +0900] "GET /~bob/BasicSkills/?ProgrammingSkills HTTP/1.1" 200 14395
192.168.1.57 - - [14/May/2014:10:42:47 +0900] "GET /~bob/Basicskills/ HTTP/1.1" 200 11909
192.168.1.57 - - [14/May/2014:10:42:49 +0900] "GET /~bob/Basicskills/?ProgrammingSkills HTTP/1.1" 200 14395
172.29.0.43 - - [14/May/2014:10:42:54 +0900] "GET /~bob/BasicSkills/?SoftwareDesign HTTP/1.1" 200 15279
192.168.1.57 - - [14/May/2014:10:42:59 +0900] "GET /~bob/Basicskills/?SoftwareDesign HTTP/1.1" 200 15279
172.29.0.43 - - [14/May/2014:10:43:09 +0900] "GET /~bob/BasicSkills/ HTTP/1.1" 200 11909
172.29.0.43 - - [14/May/2014:10:43:11 +0900] "GET /~bob/BasicSkills/?SoftwareDesign HTTP/1.1" 200 15279
172.29.0.43 - - [14/May/2014:10:43:14 +0900] "GET /~bob/BasicSkills/?SoftWareCompositeDesign HTTP/1.1" 200 11090
192.168.1.57 - - [14/May/2014:10:43:27 +0900] "GET /~bob/Basicskills/?SoftWareCompositeDesign HTTP/1.1" 200 11090
192.168.1.48 - - [14/May/2014:10:43:28 +0900] "GET /~bob/Basicskills/?ProcessingCodes HTTP/1.1" 200 16644
192.168.1.52 - - [14/May/2014:10:43:30 +0900] "GET /~bob/Basicskills/?DataFlowDiagram HTTP/1.1" 200 14747
192.168.1.52 - - [14/May/2014:10:43:30 +0900] "GET /~bob/Basicskills/theme/hiki_base.css HTTP/1.1" 304 -
192.168.1.52 - - [14/May/2014:10:43:30 +0900] "GET /~bob/Basicskills/theme/bob/bob.css HTTP/1.1" 304 -
192.168.1.52 - - [14/May/2014:10:43:30 +0900] "GET /~bob/Basicskills/?c=plugin;plugin=attach_download;p=DataFlowDiagram;file_name=dfd-2.png HTTP/1.1" 304 -
192.168.1.52 - - [14/May/2014:10:43:30 +0900] "GET /~bob/Basicskills/?c=plugin;plugin=attach_download;p=upDotGraph.rb;file_name=upDotGraph-2.png HTTP/1.1" 304 -
192.168.1.48 - - [14/May/2014:10:43:36 +0900] "GET /~bob/Basicskills/?DiscussionsAndConclusions HTTP/1.1" 200 9765
192.168.1.48 - - [14/May/2014:10:43:37 +0900] "GET /~bob/Basicskills/?ReportWriting HTTP/1.1" 200 12663
192.168.1.55 - - [14/May/2014:10:43:51 +0900] "GET /~bob/Basicskills/ HTTP/1.1" 200 11909
192.168.1.55 - - [14/May/2014:10:44:06 +0900] "GET /~bob/Basicskills/?SoftwareDesign HTTP/1.1" 200 15279
192.168.1.48 - - [14/May/2014:10:44:13 +0900] "GET /~bob/Basicskills/ HTTP/1.1" 200 11909
192.168.1.48 - - [14/May/2014:10:44:16 +0900] "GET /~bob/Basicskills/?SoftwareDesign HTTP/1.1" 200 15279
192.168.1.48 - - [14/May/2014:10:44:25 +0900] "GET /~bob/Basicskills/?JSP HTTP/1.1" 200 11279
192.168.1.55 - - [14/May/2014:10:44:35 +0900] "GET /~bob/Basicskills/?c=plugin;plugin=attach_download;p=SoftwareDesign;file_name=Yanase_Telephonering.png HTTP/1.1" 200 35710
192.168.1.48 - - [14/May/2014:10:44:39 +0900] "GET /~bob/Basicskills/?SoftWareStructure HTTP/1.1" 200 12697
192.168.1.48 - - [14/May/2014:10:44:39 +0900] "GET /~bob/Basicskills/?c=plugin;plugin=attach_download;p=SoftWareStructure;file_name=AddressBook.png HTTP/1.1" 200 7776
192.168.1.48 - - [14/May/2014:10:44:39 +0900] "GET /~bob/Basicskills/?c=plugin;plugin=attach_download;p=SoftWareStructure;file_name=selection.png HTTP/1.1" 200 1205
192.168.1.48 - - [14/May/2014:10:44:39 +0900] "GET /~bob/Basicskills/?c=plugin;plugin=attach_download;p=SoftWareStructure;file_name=sequence.png HTTP/1.1" 200 1142
192.168.1.48 - - [14/May/2014:10:44:39 +0900] "GET /~bob/Basicskills/?c=plugin;plugin=attach_download;p=SoftWareStructure;file_name=iteration.png HTTP/1.1" 200 671
192.168.1.52 - - [14/May/2014:10:45:32 +0900] "GET /~bob/Basicskills/?SoftWareCompositeDesign HTTP/1.1" 200 11090
172.29.0.43 - - [14/May/2014:10:45:46 +0900] "GET /~bob/BasicSkills/?JSP HTTP/1.1" 200 11279
192.168.1.52 - - [14/May/2014:10:46:36 +0900] "GET /~bob/Basicskills/?JSP HTTP/1.1" 200 11279
192.168.1.48 - - [14/May/2014:10:46:42 +0900] "GET /~bob/Basicskills/?SoftWareCompositeDesign HTTP/1.1" 200 11090
192.168.1.52 - - [14/May/2014:10:47:18 +0900] "GET /~bob/Basicskills/?SoftWareModule HTTP/1.1" 200 12190
192.168.1.48 - - [14/May/2014:10:48:09 +0900] "GET /~bob/Basicskills/?DataFlowDiagram HTTP/1.1" 200 14747
192.168.1.47 - - [14/May/2014:10:48:42 +0900] "GET /~yoshii/hiki/ HTTP/1.1" 200 18480
192.168.1.47 - - [14/May/2014:10:48:42 +0900] "GET /~yoshii/hiki/theme/hiki_base.css HTTP/1.1" 200 1653
192.168.1.47 - - [14/May/2014:10:48:42 +0900] "GET /~yoshii/hiki/theme/bob/bob.css HTTP/1.1" 200 10018
192.168.1.47 - - [14/May/2014:10:48:53 +0900] "GET /~bob/BasicSkills/ HTTP/1.1" 200 11909
192.168.1.47 - - [14/May/2014:10:49:02 +0900] "GET /~bob/BasicSkills/?ProgrammingSkills HTTP/1.1" 200 14395
192.168.1.54 - - [14/May/2014:10:49:58 +0900] "GET /~bob/Basicskills/ HTTP/1.1" 200 11909
192.168.1.54 - - [14/May/2014:10:49:59 +0900] "GET /~bob/Basicskills/theme/hiki_base.css HTTP/1.1" 200 428
192.168.1.54 - - [14/May/2014:10:49:59 +0900] "GET /~bob/Basicskills/theme/bob/bob.css HTTP/1.1" 200 11457
192.168.1.54 - - [14/May/2014:10:49:59 +0900] "GET /favicon.ico HTTP/1.1" 404 209
172.29.0.43 - - [14/May/2014:10:50:43 +0900] "GET /~bob/BasicSkills/?c=login;p=SoftwareDesign HTTP/1.1" 200 9206
172.29.0.43 - - [14/May/2014:10:50:48 +0900] "POST /~bob/BasicSkills/ HTTP/1.1" 200 362
172.29.0.43 - - [14/May/2014:10:50:49 +0900] "GET /~bob/BasicSkills/?SoftwareDesign HTTP/1.1" 200 16278
172.29.0.43 - - [14/May/2014:10:50:50 +0900] "GET /~bob/BasicSkills/?c=edit;p=SoftwareDesign HTTP/1.1" 200 19617
172.29.0.43 - - [14/May/2014:10:51:17 +0900] "POST /~bob/BasicSkills/ HTTP/1.1" 200 362
172.29.0.43 - - [14/May/2014:10:51:17 +0900] "GET /~bob/BasicSkills/?SoftwareDesign HTTP/1.1" 200 16399
172.29.0.43 - - [14/May/2014:10:51:27 +0900] "GET /~bob/BasicSkills/?c=edit;p=SoftwareDesign HTTP/1.1" 200 19642
192.168.1.54 - - [14/May/2014:10:51:31 +0900] "GET /~bob/Basicskills/ HTTP/1.1" 200 11941
192.168.1.54 - - [14/May/2014:10:51:31 +0900] "GET /~bob/Basicskills/theme/hiki_base.css HTTP/1.1" 304 -
192.168.1.54 - - [14/May/2014:10:51:31 +0900] "GET /~bob/Basicskills/theme/bob/bob.css HTTP/1.1" 304 -
192.168.1.54 - - [14/May/2014:10:51:33 +0900] "GET /~bob/Basicskills/?SoftwareDesign HTTP/1.1" 200 15400
172.29.0.43 - - [14/May/2014:10:51:38 +0900] "POST /~bob/BasicSkills/attach.cgi HTTP/1.1" 200 379
172.29.0.43 - - [14/May/2014:10:51:38 +0900] "GET /~bob/BasicSkills/?c=edit&p=SoftwareDesign HTTP/1.1" 200 19778
192.168.1.54 - - [14/May/2014:10:51:42 +0900] "GET /~bob/Basicskills/?SoftwareDesign HTTP/1.1" 200 15400
192.168.1.54 - - [14/May/2014:10:51:42 +0900] "GET /~bob/Basicskills/theme/hiki_base.css HTTP/1.1" 304 -
192.168.1.54 - - [14/May/2014:10:51:43 +0900] "GET /~bob/Basicskills/theme/bob/bob.css HTTP/1.1" 304 -
192.168.1.54 - - [14/May/2014:10:51:44 +0900] "GET /~bob/Basicskills/?c=plugin;plugin=attach_download;p=SoftwareDesign;file_name=f2c.rb HTTP/1.1" 200 122
192.168.1.57 - - [14/May/2014:10:51:44 +0900] "GET /~bob/Basicskills/?SoftwareDesign HTTP/1.1" 200 15400
192.168.1.57 - - [14/May/2014:10:51:44 +0900] "GET /~bob/Basicskills/theme/hiki_base.css HTTP/1.1" 304 -
192.168.1.57 - - [14/May/2014:10:51:44 +0900] "GET /~bob/Basicskills/theme/bob/bob.css HTTP/1.1" 304 -
172.29.0.43 - - [14/May/2014:10:51:45 +0900] "POST /~bob/BasicSkills/ HTTP/1.1" 200 362
172.29.0.43 - - [14/May/2014:10:51:45 +0900] "GET /~bob/BasicSkills/?SoftwareDesign HTTP/1.1" 200 16399
192.168.1.57 - - [14/May/2014:10:51:47 +0900] "GET /~bob/Basicskills/?c=plugin;plugin=attach_download;p=SoftwareDesign;file_name=f2c.rb HTTP/1.1" 200 122
172.29.0.43 - - [14/May/2014:10:51:59 +0900] "GET /~bob/BasicSkills/?c=plugin;plugin=attach_download;p=SoftwareDesign;file_name=f2c.rb HTTP/1.1" 200 122
192.168.1.55 - - [14/May/2014:10:52:11 +0900] "GET /~bob/Basicskills/?SoftwareDesign HTTP/1.1" 200 15400
192.168.1.55 - - [14/May/2014:10:52:11 +0900] "GET /~bob/Basicskills/theme/hiki_base.css HTTP/1.1" 304 -
192.168.1.55 - - [14/May/2014:10:52:11 +0900] "GET /~bob/Basicskills/theme/bob/bob.css HTTP/1.1" 304 -
192.168.1.55 - - [14/May/2014:10:52:14 +0900] "GET /~bob/Basicskills/?c=plugin;plugin=attach_download;p=SoftwareDesign;file_name=f2c.rb HTTP/1.1" 200 122
192.168.1.48 - - [14/May/2014:10:52:19 +0900] "GET /~bob/Basicskills/?DataFlowDiagram HTTP/1.1" 200 14779
192.168.1.48 - - [14/May/2014:10:52:19 +0900] "GET /~bob/Basicskills/theme/hiki_base.css HTTP/1.1" 304 -
192.168.1.48 - - [14/May/2014:10:52:19 +0900] "GET /~bob/Basicskills/theme/bob/bob.css HTTP/1.1" 304 -
192.168.1.48 - - [14/May/2014:10:52:19 +0900] "GET /~bob/Basicskills/?c=plugin;plugin=attach_download;p=upDotGraph.rb;file_name=upDotGraph-2.png HTTP/1.1" 304 -
192.168.1.48 - - [14/May/2014:10:52:19 +0900] "GET /~bob/Basicskills/?c=plugin;plugin=attach_download;p=DataFlowDiagram;file_name=dfd-2.png HTTP/1.1" 304 -
192.168.1.47 - - [14/May/2014:10:52:47 +0900] "GET /~bob/BasicSkills/ HTTP/1.1" 200 11941
192.168.1.47 - - [14/May/2014:10:52:53 +0900] "GET /~bob/BasicSkills/?SoftwareDesign HTTP/1.1" 200 15400
192.168.1.48 - - [14/May/2014:10:53:01 +0900] "GET /~bob/Basicskills/ HTTP/1.1" 200 11941
192.168.1.47 - - [14/May/2014:10:53:02 +0900] "GET /~bob/BasicSkills/?c=plugin;plugin=attach_download;p=SoftwareDesign;file_name=f2c.rb HTTP/1.1" 200 122
192.168.1.48 - - [14/May/2014:10:53:04 +0900] "GET /~bob/Basicskills/?SoftwareDesign HTTP/1.1" 200 15400
192.168.1.48 - - [14/May/2014:10:53:12 +0900] "GET /~bob/Basicskills/?SoftWareCompositeDesign HTTP/1.1" 200 11122
192.168.1.48 - - [14/May/2014:10:53:17 +0900] "GET /~bob/Basicskills/?DataFlowDiagram HTTP/1.1" 200 14779
192.168.1.48 - - [14/May/2014:10:53:24 +0900] "GET /~bob/Basicskills/?SoftwareDesign HTTP/1.1" 200 15400
192.168.1.48 - - [14/May/2014:10:53:31 +0900] "GET /~bob/Basicskills/?c=plugin;plugin=attach_download;p=SoftwareDesign;file_name=f2c.rb HTTP/1.1" 200 122
172.29.0.43 - - [14/May/2014:10:53:43 +0900] "GET /~bob/BasicSkills/?ProgrammingSkills HTTP/1.1" 200 14885
172.29.0.43 - - [14/May/2014:10:53:55 +0900] "GET /~bob/BasicSkills/?MapleTerminal HTTP/1.1" 200 20796
192.168.1.52 - - [14/May/2014:10:54:07 +0900] "GET /~bob/Basicskills/ HTTP/1.1" 200 11941
192.168.1.52 - - [14/May/2014:10:54:10 +0900] "GET /~bob/Basicskills/?ProgrammingSkills HTTP/1.1" 200 14427
192.168.1.48 - - [14/May/2014:10:54:25 +0900] "GET /~bob/Basicskills/?ProgrammingSkills HTTP/1.1" 200 14427
192.168.1.48 - - [14/May/2014:10:54:27 +0900] "GET /~bob/Basicskills/?MapleTerminal HTTP/1.1" 200 19970
192.168.1.48 - - [14/May/2014:10:54:27 +0900] "GET /~bob/Basicskills/?c=plugin;plugin=attach_download;p=MapleTerminal;file_name=file2.gif HTTP/1.1" 200 12370
192.168.1.47 - - [14/May/2014:10:56:47 +0900] "GET /~yoshii/hiki/ HTTP/1.1" 200 18480
192.168.1.47 - - [14/May/2014:10:56:55 +0900] "GET /~yoshii/hiki/?key=Maple&comment=%B8%A1%BA%F7&c=search HTTP/1.1" 200 19716
192.168.1.47 - - [14/May/2014:10:57:04 +0900] "GET /~bob/BasicSkills/ HTTP/1.1" 200 11941
192.168.1.47 - - [14/May/2014:10:57:12 +0900] "GET /~bob/BasicSkills/?key=Mapletxt&comment=%B8%A1%BA%F7&c=search HTTP/1.1" 200 9072
192.168.1.47 - - [14/May/2014:10:57:22 +0900] "GET /~bob/BasicSkills/?c=search&key=Maple HTTP/1.1" 200 9882
192.168.1.47 - - [14/May/2014:10:57:27 +0900] "GET /~bob/BasicSkills/?cmd=view&p=ProgrammingSkills&key=Maple HTTP/1.1" 200 14502
192.168.1.47 - - [14/May/2014:11:01:36 +0900] "GET /~bob/BasicSkills/?key=Maple&comment=%B8%A1%BA%F7&c=search HTTP/1.1" 200 9882
::1 - - [14/May/2014:11:01:41 +0900] "GET /~yosuke/YamamotoDThesis/?c=recent HTTP/1.1" 200 24503
192.168.1.47 - - [14/May/2014:11:01:44 +0900] "GET /~bob/BasicSkills/?cmd=view&p=MapleTerminal&key=Maple HTTP/1.1" 200 20920
192.168.1.47 - - [14/May/2014:11:01:44 +0900] "GET /~bob/BasicSkills/?c=plugin;plugin=attach_download;p=MapleTerminal;file_name=file2.gif HTTP/1.1" 200 12370
::1 - - [14/May/2014:11:01:47 +0900] "GET /~yosuke/YamamotoDThesis/?ChapterLPSO HTTP/1.1" 200 18437
172.29.0.43 - - [14/May/2014:11:02:52 +0900] "GET /~bob/BasicSkills/?MapleTerminal HTTP/1.1" 200 20796
192.168.1.54 - - [14/May/2014:11:03:03 +0900] "GET /~bob/Basicskills/?ProgrammingSkills HTTP/1.1" 200 14427
192.168.1.54 - - [14/May/2014:11:03:07 +0900] "GET /~bob/Basicskills/?MapleTerminal HTTP/1.1" 200 19970
192.168.1.54 - - [14/May/2014:11:03:07 +0900] "GET /~bob/Basicskills/?c=plugin;plugin=attach_download;p=MapleTerminal;file_name=file2.gif HTTP/1.1" 200 12370
192.168.1.57 - - [14/May/2014:11:03:22 +0900] "GET /~bob/Basicskills/?ProgrammingSkills HTTP/1.1" 200 14427
192.168.1.57 - - [14/May/2014:11:03:24 +0900] "GET /~bob/Basicskills/?MapleTerminal HTTP/1.1" 200 19970
192.168.1.57 - - [14/May/2014:11:03:24 +0900] "GET /~bob/Basicskills/?c=plugin;plugin=attach_download;p=MapleTerminal;file_name=file2.gif HTTP/1.1" 200 12370
172.29.0.43 - - [14/May/2014:11:07:19 +0900] "GET /~bob/BasicSkills/?SoftwareDesign HTTP/1.1" 200 16399
172.29.0.43 - - [14/May/2014:11:07:27 +0900] "GET /~bob/BasicSkills/?DataFlowDiagram HTTP/1.1" 200 15049
172.29.0.43 - - [14/May/2014:11:07:28 +0900] "GET /~bob/BasicSkills/?c=plugin;plugin=attach_download;p=DataFlowDiagram;file_name=dfd-2.png HTTP/1.1" 200 8480
172.29.0.43 - - [14/May/2014:11:07:28 +0900] "GET /~bob/BasicSkills/?c=plugin;plugin=attach_download;p=upDotGraph.rb;file_name=upDotGraph-2.png HTTP/1.1" 200 7862
192.168.1.52 - - [14/May/2014:11:07:29 +0900] "GET /~bob/Basicskills/ HTTP/1.1" 200 11941
192.168.1.54 - - [14/May/2014:11:07:30 +0900] "GET /~bob/Basicskills/?SoftwareDesign HTTP/1.1" 200 15400
192.168.1.52 - - [14/May/2014:11:07:33 +0900] "GET /~bob/Basicskills/?SoftwareDesign HTTP/1.1" 200 15400
192.168.1.54 - - [14/May/2014:11:07:40 +0900] "GET /~bob/Basicskills/?DataFlowDiagram HTTP/1.1" 200 14779
192.168.1.54 - - [14/May/2014:11:07:40 +0900] "GET /~bob/Basicskills/?c=plugin;plugin=attach_download;p=DataFlowDiagram;file_name=dfd-2.png HTTP/1.1" 200 8480
192.168.1.54 - - [14/May/2014:11:07:40 +0900] "GET /~bob/Basicskills/?c=plugin;plugin=attach_download;p=upDotGraph.rb;file_name=upDotGraph-2.png HTTP/1.1" 200 7862
192.168.1.55 - - [14/May/2014:11:07:48 +0900] "GET /~bob/Basicskills/?SoftWareCompositeDesign HTTP/1.1" 200 11122
192.168.1.52 - - [14/May/2014:11:07:52 +0900] "GET /~bob/Basicskills/?DataFlowDiagram HTTP/1.1" 200 14779
192.168.1.55 - - [14/May/2014:11:08:18 +0900] "GET /~bob/Basicskills/?FilterPipeRedirection HTTP/1.1" 200 11237
192.168.1.55 - - [14/May/2014:11:08:18 +0900] "GET /~bob/Basicskills/?c=plugin;plugin=attach_download;p=DataFlowDiagram;file_name=dfd-2.png HTTP/1.1" 200 8480
192.168.1.52 - - [14/May/2014:11:08:54 +0900] "GET /~bob/Basicskills/?MapleTerminal HTTP/1.1" 200 19970
192.168.1.52 - - [14/May/2014:11:08:54 +0900] "GET /~bob/Basicskills/?c=plugin;plugin=attach_download;p=MapleTerminal;file_name=file2.gif HTTP/1.1" 304 -
192.168.1.52 - - [14/May/2014:11:12:43 +0900] "GET /~bob/Basicskills/ HTTP/1.1" 200 11941
192.168.1.52 - - [14/May/2014:11:12:46 +0900] "GET /~bob/Basicskills/?ProgrammingSkills HTTP/1.1" 200 14427
192.168.1.55 - - [14/May/2014:11:13:10 +0900] "GET /~bob/Basicskills/?ProgrammingSkills HTTP/1.1" 200 14427
172.29.0.43 - - [14/May/2014:11:18:18 +0900] "GET /~bob/BasicSkills/?ProgrammingSkills HTTP/1.1" 200 14885
172.29.0.43 - - [14/May/2014:11:18:26 +0900] "GET /~bob/BasicSkills/?MapleTerminal HTTP/1.1" 200 20796
192.168.1.57 - - [14/May/2014:11:24:49 +0900] "GET /~bob/Basicskills/?MapleTerminal HTTP/1.1" 200 19970
192.168.1.55 - - [14/May/2014:11:25:21 +0900] "GET /~bob/Basicskills/ HTTP/1.1" 200 11941
192.168.1.55 - - [14/May/2014:11:25:28 +0900] "GET /~bob/Basicskills/?ProgrammingSkills HTTP/1.1" 200 14427
192.168.1.55 - - [14/May/2014:11:25:31 +0900] "GET /~bob/Basicskills/?MapleTerminal HTTP/1.1" 200 19970
192.168.1.55 - - [14/May/2014:11:25:31 +0900] "GET /~bob/Basicskills/?c=plugin;plugin=attach_download;p=MapleTerminal;file_name=file2.gif HTTP/1.1" 200 12370
192.168.1.52 - - [14/May/2014:11:28:33 +0900] "GET /~bob/Basicskills/?SoftWareCompositeDesign HTTP/1.1" 200 11122
172.29.0.43 - - [14/May/2014:11:29:03 +0900] "GET /~bob/BasicSkills/?ProgrammingSkills HTTP/1.1" 200 14885
172.29.0.43 - - [14/May/2014:11:29:14 +0900] "GET /~bob/BasicSkills/?SoftwareDesign HTTP/1.1" 200 16399
172.29.0.43 - - [14/May/2014:11:29:19 +0900] "GET /~bob/BasicSkills/?DataFlowDiagram HTTP/1.1" 200 15049
192.168.1.52 - - [14/May/2014:11:32:33 +0900] "GET /~bob/Basicskills/?c=plugin;plugin=attach_download;p=SoftwareDesign;file_name=Kawaguchi_TelephoneRing.dot HTTP/1.1" 200 871
192.168.1.52 - - [14/May/2014:11:35:51 +0900] "GET /~bob/Basicskills/?upDotGraph.rb HTTP/1.1" 200 11836
192.168.1.52 - - [14/May/2014:11:36:22 +0900] "GET /~bob/Basicskills/?GraphViz HTTP/1.1" 200 19227
192.168.1.52 - - [14/May/2014:11:36:23 +0900] "GET /~bob/Basicskills/?c=plugin;plugin=attach_download;p=GraphViz;file_name=Sequence.png HTTP/1.1" 200 11531
192.168.1.52 - - [14/May/2014:11:36:23 +0900] "GET /~bob/Basicskills/?c=plugin;plugin=attach_download;p=GraphViz;file_name=AddressBook2.png HTTP/1.1" 200 7776
172.29.0.43 - - [14/May/2014:11:37:28 +0900] "GET /~bob/BasicSkills/?GraphViz HTTP/1.1" 200 20248
172.29.0.43 - - [14/May/2014:11:37:28 +0900] "GET /~bob/BasicSkills/?c=plugin;plugin=attach_download;p=GraphViz;file_name=AddressBook2.png HTTP/1.1" 200 7776
172.29.0.43 - - [14/May/2014:11:37:28 +0900] "GET /~bob/BasicSkills/?c=plugin;plugin=attach_download;p=GraphViz;file_name=Sequence.png HTTP/1.1" 200 11531
192.168.1.57 - - [14/May/2014:11:37:58 +0900] "GET /~bob/Basicskills/ HTTP/1.1" 200 11941
192.168.1.57 - - [14/May/2014:11:37:59 +0900] "GET /~bob/Basicskills/?SoftwareDesign HTTP/1.1" 200 15400
192.168.1.48 - - [14/May/2014:11:38:03 +0900] "GET /~bob/Basicskills/?ProgrammingSkills HTTP/1.1" 200 14427
192.168.1.57 - - [14/May/2014:11:38:07 +0900] "GET /~bob/Basicskills/?DataFlowDiagram HTTP/1.1" 200 14779
192.168.1.57 - - [14/May/2014:11:38:07 +0900] "GET /~bob/Basicskills/?c=plugin;plugin=attach_download;p=upDotGraph.rb;file_name=upDotGraph-2.png HTTP/1.1" 200 7862
192.168.1.57 - - [14/May/2014:11:38:07 +0900] "GET /~bob/Basicskills/?c=plugin;plugin=attach_download;p=DataFlowDiagram;file_name=dfd-2.png HTTP/1.1" 200 8480
192.168.1.48 - - [14/May/2014:11:38:11 +0900] "GET /~bob/Basicskills/?SoftwareDesign HTTP/1.1" 200 15400
192.168.1.47 - - [14/May/2014:11:38:12 +0900] "GET /~bob/BasicSkills/?ProgrammingSkills HTTP/1.1" 200 14427
192.168.1.48 - - [14/May/2014:11:38:13 +0900] "GET /~bob/Basicskills/?DataFlowDiagram HTTP/1.1" 200 14779
192.168.1.47 - - [14/May/2014:11:38:14 +0900] "GET /~bob/BasicSkills/?SoftwareDesign HTTP/1.1" 200 15400
192.168.1.47 - - [14/May/2014:11:38:16 +0900] "GET /~bob/BasicSkills/?DataFlowDiagram HTTP/1.1" 200 14779
192.168.1.47 - - [14/May/2014:11:38:16 +0900] "GET /~bob/BasicSkills/?c=plugin;plugin=attach_download;p=DataFlowDiagram;file_name=dfd-2.png HTTP/1.1" 200 8480
192.168.1.47 - - [14/May/2014:11:38:16 +0900] "GET /~bob/BasicSkills/?c=plugin;plugin=attach_download;p=upDotGraph.rb;file_name=upDotGraph-2.png HTTP/1.1" 200 7862
192.168.1.55 - - [14/May/2014:11:38:26 +0900] "GET /~yoshii/hiki/?FrontPage HTTP/1.1" 200 19089
192.168.1.55 - - [14/May/2014:11:38:29 +0900] "GET /~bob/Basicskills/ HTTP/1.1" 200 11941
192.168.1.55 - - [14/May/2014:11:38:30 +0900] "GET /~bob/Basicskills/?ProgrammingSkills HTTP/1.1" 200 14427
192.168.1.52 - - [14/May/2014:11:38:35 +0900] "GET /~bob/Basicskills/?upDotGraph.rb HTTP/1.1" 200 11836
192.168.1.55 - - [14/May/2014:11:38:38 +0900] "GET /~bob/Basicskills/?SoftwareDesign HTTP/1.1" 200 15400
192.168.1.54 - - [14/May/2014:11:38:41 +0900] "GET /~bob/Basicskills/?SoftwareDesign HTTP/1.1" 200 15400
192.168.1.55 - - [14/May/2014:11:38:45 +0900] "GET /~bob/Basicskills/?DataFlowDiagram HTTP/1.1" 200 14779
192.168.1.55 - - [14/May/2014:11:38:45 +0900] "GET /~bob/Basicskills/?c=plugin;plugin=attach_download;p=upDotGraph.rb;file_name=upDotGraph-2.png HTTP/1.1" 200 7862
192.168.1.54 - - [14/May/2014:11:38:49 +0900] "GET /~bob/Basicskills/?DataFlowDiagram HTTP/1.1" 200 14779
192.168.1.48 - - [14/May/2014:11:39:41 +0900] "GET /~bob/Basicskills/?GraphViz HTTP/1.1" 200 19227
192.168.1.48 - - [14/May/2014:11:39:41 +0900] "GET /~bob/Basicskills/?c=plugin;plugin=attach_download;p=GraphViz;file_name=AddressBook2.png HTTP/1.1" 200 7776
192.168.1.48 - - [14/May/2014:11:39:41 +0900] "GET /~bob/Basicskills/?c=plugin;plugin=attach_download;p=GraphViz;file_name=Sequence.png HTTP/1.1" 200 11531
192.168.1.47 - - [14/May/2014:11:40:40 +0900] "GET /~bob/BasicSkills/?GraphViz HTTP/1.1" 200 19227
192.168.1.47 - - [14/May/2014:11:40:41 +0900] "GET /~bob/BasicSkills/?c=plugin;plugin=attach_download;p=GraphViz;file_name=AddressBook2.png HTTP/1.1" 200 7776
192.168.1.47 - - [14/May/2014:11:40:41 +0900] "GET /~bob/BasicSkills/?c=plugin;plugin=attach_download;p=GraphViz;file_name=Sequence.png HTTP/1.1" 200 11531
192.168.1.54 - - [14/May/2014:11:41:16 +0900] "GET /~bob/Basicskills/?GraphViz HTTP/1.1" 200 19227
192.168.1.54 - - [14/May/2014:11:41:17 +0900] "GET /~bob/Basicskills/?c=plugin;plugin=attach_download;p=GraphViz;file_name=AddressBook2.png HTTP/1.1" 200 7776
192.168.1.54 - - [14/May/2014:11:41:17 +0900] "GET /~bob/Basicskills/?c=plugin;plugin=attach_download;p=GraphViz;file_name=Sequence.png HTTP/1.1" 200 11531
192.168.1.57 - - [14/May/2014:11:41:31 +0900] "GET /~bob/Basicskills/?ProgrammingSkills HTTP/1.1" 200 14427
192.168.1.57 - - [14/May/2014:11:41:33 +0900] "GET /~bob/Basicskills/?GraphViz HTTP/1.1" 200 19227
192.168.1.57 - - [14/May/2014:11:41:33 +0900] "GET /~bob/Basicskills/?c=plugin;plugin=attach_download;p=GraphViz;file_name=Sequence.png HTTP/1.1" 200 11531
192.168.1.57 - - [14/May/2014:11:41:33 +0900] "GET /~bob/Basicskills/?c=plugin;plugin=attach_download;p=GraphViz;file_name=AddressBook2.png HTTP/1.1" 200 7776
192.168.1.55 - - [14/May/2014:11:41:35 +0900] "GET /~bob/Basicskills/?SoftWareCompositeDesign HTTP/1.1" 200 11122
192.168.1.55 - - [14/May/2014:11:41:42 +0900] "GET /~bob/Basicskills/?GraphViz HTTP/1.1" 200 19227
192.168.1.55 - - [14/May/2014:11:41:42 +0900] "GET /~bob/Basicskills/?c=plugin;plugin=attach_download;p=GraphViz;file_name=AddressBook2.png HTTP/1.1" 200 7776
192.168.1.55 - - [14/May/2014:11:41:42 +0900] "GET /~bob/Basicskills/?c=plugin;plugin=attach_download;p=GraphViz;file_name=Sequence.png HTTP/1.1" 200 11531
192.168.1.48 - - [14/May/2014:11:41:53 +0900] "GET /~bob/Basicskills/?DataFlowDiagram HTTP/1.1" 200 14779
192.168.1.57 - - [14/May/2014:11:42:34 +0900] "GET /~bob/Basicskills/?Katagiri_Graphviz HTTP/1.1" 200 9764
192.168.1.57 - - [14/May/2014:11:42:41 +0900] "GET /~yoshii/hiki/?FrontPage HTTP/1.1" 200 18480
192.168.1.57 - - [14/May/2014:11:42:43 +0900] "GET /~bob/Basicskills/?SoftwareDesign HTTP/1.1" 200 15400
192.168.1.57 - - [14/May/2014:11:42:50 +0900] "GET /~bob/Basicskills/?c=plugin;plugin=attach_download;p=SoftwareDesign;file_name=Katagiri_TelephoneRing.dot HTTP/1.1" 200 1101
192.168.1.57 - - [14/May/2014:11:43:03 +0900] "GET /~bob/Basicskills/?ProgrammingSkills HTTP/1.1" 200 14427
192.168.1.57 - - [14/May/2014:11:43:06 +0900] "GET /~bob/Basicskills/?GraphViz HTTP/1.1" 200 19227
192.168.1.55 - - [14/May/2014:11:43:49 +0900] "GET /~bob/Basicskills/?Yanase_Graphviz HTTP/1.1" 200 16259
192.168.1.55 - - [14/May/2014:11:43:49 +0900] "GET /~bob/Basicskills/?c=plugin;plugin=attach_download;p=Yanase_Graphviz;file_name=ping2.png HTTP/1.1" 200 42190
192.168.1.55 - - [14/May/2014:11:43:49 +0900] "GET /~bob/Basicskills/?c=plugin;plugin=attach_download;p=Yanase_Graphviz;file_name=Yanase_Telephonering.png HTTP/1.1" 200 35710
192.168.1.57 - - [14/May/2014:11:44:28 +0900] "GET /~bob/Basicskills/?Katagiri_Graphviz HTTP/1.1" 200 9764
192.168.1.57 - - [14/May/2014:11:44:33 +0900] "GET /~bob/Basicskills/?GraphViz HTTP/1.1" 200 19227
192.168.1.47 - - [14/May/2014:11:45:39 +0900] "GET /~bob/BasicSkills/?RegularExpression HTTP/1.1" 200 17920
192.168.1.47 - - [14/May/2014:11:45:51 +0900] "GET /~bob/BasicSkills/?c=plugin;plugin=attach_download;p=SoftwareDesign;file_name=f2c.rb HTTP/1.1" 200 122
192.168.1.57 - - [14/May/2014:11:46:15 +0900] "GET /~bob/Basicskills/ HTTP/1.1" 200 11941
192.168.1.57 - - [14/May/2014:11:46:17 +0900] "GET /~bob/Basicskills/?ProgrammingSkills HTTP/1.1" 200 14427
192.168.1.57 - - [14/May/2014:11:46:20 +0900] "GET /~bob/Basicskills/?GraphViz HTTP/1.1" 200 19227
192.168.1.47 - - [14/May/2014:11:48:08 +0900] "GET /~bob/BasicSkills/?DataFlowDiagram HTTP/1.1" 200 14779
192.168.1.57 - - [14/May/2014:11:48:45 +0900] "GET /~bob/Basicskills/?Katagiri_Graphviz HTTP/1.1" 200 9764
192.168.1.57 - - [14/May/2014:11:50:04 +0900] "GET /~bob/Basicskills/?GraphViz HTTP/1.1" 200 19227
172.29.0.55 - - [14/May/2014:12:26:53 +0900] "GET / HTTP/1.0" 200 44
192.168.1.47 - - [14/May/2014:12:43:31 +0900] "GET /~bob/BasicSkills/?SoftwareDesign HTTP/1.1" 200 15400
192.168.1.54 - - [14/May/2014:12:44:46 +0900] "GET /~bob/Basicskills/?SoftwareDesign HTTP/1.1" 200 15400
192.168.1.54 - - [14/May/2014:12:44:51 +0900] "GET /~bob/Basicskills/?TSPAns2 HTTP/1.1" 200 19536
192.168.1.54 - - [14/May/2014:12:44:52 +0900] "GET /~bob/Basicskills/?c=plugin;plugin=attach_download;p=TSPAns2;file_name=plot1.gif HTTP/1.1" 200 1375
192.168.1.54 - - [14/May/2014:12:44:52 +0900] "GET /~bob/Basicskills/?c=plugin;plugin=attach_download;p=TSPAns2;file_name=plot_route1.png HTTP/1.1" 200 5416
192.168.1.54 - - [14/May/2014:12:44:52 +0900] "GET /~bob/Basicskills/?c=plugin;plugin=attach_download;p=TSPAns2;file_name=plot_route3.png HTTP/1.1" 200 4881
192.168.1.54 - - [14/May/2014:12:44:52 +0900] "GET /~bob/Basicskills/?c=plugin;plugin=attach_download;p=TSPAns2;file_name=plot_route2.png HTTP/1.1" 200 5472
172.29.0.43 - - [14/May/2014:12:50:27 +0900] "GET /~bob/BasicSkills/ HTTP/1.1" 200 11941
172.29.0.43 - - [14/May/2014:12:50:38 +0900] "GET /~bob/BasicSkills/?PC_number HTTP/1.1" 200 10291
192.168.1.57 - - [14/May/2014:12:52:55 +0900] "GET /~yoshii/hiki/?FrontPage HTTP/1.1" 200 18480
172.29.0.43 - - [14/May/2014:12:54:43 +0900] "GET / HTTP/1.1" 200 44
172.29.0.43 - - [14/May/2014:12:54:46 +0900] "GET / HTTP/1.1" 200 44
192.168.1.48 - - [14/May/2014:13:01:00 +0900] "GET /~yoshii/hiki/?FrontPage HTTP/1.1" 200 18480
192.168.1.48 - - [14/May/2014:13:01:02 +0900] "GET /~yoshii/hiki/?ThisWeek HTTP/1.1" 200 15220
192.168.1.47 - - [14/May/2014:13:01:07 +0900] "GET /~yoshii/hiki/ HTTP/1.1" 200 18480
192.168.1.47 - - [14/May/2014:13:01:09 +0900] "GET /~yoshii/hiki/?ThisWeek HTTP/1.1" 200 15220
192.168.1.57 - - [14/May/2014:13:01:46 +0900] "GET /~yoshii/hiki/?ThisWeek HTTP/1.1" 200 15220
192.168.1.52 - - [14/May/2014:13:01:51 +0900] "GET /~bob/Basicskills/ HTTP/1.1" 200 11941
192.168.1.52 - - [14/May/2014:13:02:46 +0900] "GET /~bob/Basicskills/?ProgrammingSkills HTTP/1.1" 200 14427
192.168.1.48 - - [14/May/2014:13:02:51 +0900] "GET /~bob/Basicskills/ HTTP/1.1" 200 11941
192.168.1.48 - - [14/May/2014:13:02:56 +0900] "GET /~bob/Basicskills/?ProgrammingSkills HTTP/1.1" 200 14427
192.168.1.48 - - [14/May/2014:13:03:14 +0900] "GET /~bob/Basicskills/?TSP HTTP/1.1" 200 13324
192.168.1.48 - - [14/May/2014:13:03:14 +0900] "GET /~bob/Basicskills/?c=plugin;plugin=attach_download;p=TSPAns2;file_name=plot_route1.png HTTP/1.1" 200 5416
192.168.1.48 - - [14/May/2014:13:03:14 +0900] "GET /~bob/Basicskills/?c=plugin;plugin=attach_download;p=TSPAns2;file_name=plot_route2.png HTTP/1.1" 200 5472
192.168.1.48 - - [14/May/2014:13:03:14 +0900] "GET /~bob/Basicskills/?c=plugin;plugin=attach_download;p=TSPAns2;file_name=plot_route3.png HTTP/1.1" 200 4881
192.168.1.48 - - [14/May/2014:13:04:06 +0900] "GET /~bob/Basicskills/?TSPAns2 HTTP/1.1" 200 19536
192.168.1.48 - - [14/May/2014:13:04:06 +0900] "GET /~bob/Basicskills/?c=plugin;plugin=attach_download;p=TSPAns2;file_name=plot1.gif HTTP/1.1" 200 1375
192.168.1.52 - - [14/May/2014:13:04:12 +0900] "GET /~bob/Basicskills/?TSPAns2 HTTP/1.1" 200 19536
192.168.1.52 - - [14/May/2014:13:04:12 +0900] "GET /~bob/Basicskills/?c=plugin;plugin=attach_download;p=TSPAns2;file_name=plot_route2.png HTTP/1.1" 200 5472
192.168.1.52 - - [14/May/2014:13:04:12 +0900] "GET /~bob/Basicskills/?c=plugin;plugin=attach_download;p=TSPAns2;file_name=plot_route1.png HTTP/1.1" 200 5416
192.168.1.52 - - [14/May/2014:13:04:12 +0900] "GET /~bob/Basicskills/?c=plugin;plugin=attach_download;p=TSPAns2;file_name=plot_route3.png HTTP/1.1" 200 4881
192.168.1.52 - - [14/May/2014:13:04:12 +0900] "GET /~bob/Basicskills/?c=plugin;plugin=attach_download;p=TSPAns2;file_name=plot1.gif HTTP/1.1" 200 1375
192.168.1.47 - - [14/May/2014:13:07:26 +0900] "GET /~bob/BasicSkills/ HTTP/1.1" 200 11941
192.168.1.47 - - [14/May/2014:13:07:28 +0900] "GET /~bob/BasicSkills/?SoftwareDesign HTTP/1.1" 200 15400
192.168.1.47 - - [14/May/2014:13:08:10 +0900] "GET /~bob/BasicSkills/ HTTP/1.1" 200 11941
192.168.1.47 - - [14/May/2014:13:08:13 +0900] "GET /~bob/BasicSkills/?TSPAns2 HTTP/1.1" 200 19536
192.168.1.47 - - [14/May/2014:13:08:13 +0900] "GET /~bob/BasicSkills/?c=plugin;plugin=attach_download;p=TSPAns2;file_name=plot1.gif HTTP/1.1" 200 1375
192.168.1.47 - - [14/May/2014:13:08:13 +0900] "GET /~bob/BasicSkills/?c=plugin;plugin=attach_download;p=TSPAns2;file_name=plot_route2.png HTTP/1.1" 200 5472
192.168.1.47 - - [14/May/2014:13:08:13 +0900] "GET /~bob/BasicSkills/?c=plugin;plugin=attach_download;p=TSPAns2;file_name=plot_route1.png HTTP/1.1" 200 5416
192.168.1.47 - - [14/May/2014:13:08:13 +0900] "GET /~bob/BasicSkills/?c=plugin;plugin=attach_download;p=TSPAns2;file_name=plot_route3.png HTTP/1.1" 200 4881
192.168.1.48 - - [14/May/2014:13:09:17 +0900] "GET /~bob/Basicskills/?TSPAns3 HTTP/1.1" 200 19359
192.168.1.48 - - [14/May/2014:13:09:17 +0900] "GET /~bob/Basicskills/?c=plugin;plugin=attach_download;p=TSPAns3;file_name=plot1.gif HTTP/1.1" 200 1890
192.168.1.48 - - [14/May/2014:13:09:17 +0900] "GET /~bob/Basicskills/?c=plugin;plugin=attach_download;p=TSPAns3;file_name=plot_route_final.png HTTP/1.1" 200 4802
192.168.1.47 - - [14/May/2014:13:09:19 +0900] "GET /~bob/BasicSkills/?TSPAns3 HTTP/1.1" 200 19359
192.168.1.47 - - [14/May/2014:13:09:19 +0900] "GET /~bob/BasicSkills/?c=plugin;plugin=attach_download;p=TSPAns3;file_name=plot1.gif HTTP/1.1" 200 1890
192.168.1.52 - - [14/May/2014:13:09:20 +0900] "GET /~bob/Basicskills/?TSPAns3 HTTP/1.1" 200 19359
192.168.1.52 - - [14/May/2014:13:09:20 +0900] "GET /~bob/Basicskills/?c=plugin;plugin=attach_download;p=TSPAns3;file_name=plot_route_final.png HTTP/1.1" 200 4802
192.168.1.52 - - [14/May/2014:13:09:20 +0900] "GET /~bob/Basicskills/?c=plugin;plugin=attach_download;p=TSPAns3;file_name=plot1.gif HTTP/1.1" 200 1890
192.168.1.47 - - [14/May/2014:13:09:21 +0900] "GET /~bob/BasicSkills/?c=plugin;plugin=attach_download;p=TSPAns3;file_name=plot_route_final.png HTTP/1.1" 200 4802
::1 - - [14/May/2014:13:09:29 +0900] "OPTIONS * HTTP/1.0" 200 -
::1 - - [14/May/2014:13:09:39 +0900] "OPTIONS * HTTP/1.0" 200 -
192.168.1.52 - - [14/May/2014:13:09:42 +0900] "GET /~bob/Basicskills/?TSPAns1 HTTP/1.1" 200 19649
::1 - - [14/May/2014:13:09:50 +0900] "OPTIONS * HTTP/1.0" 200 -
::1 - - [14/May/2014:13:09:51 +0900] "OPTIONS * HTTP/1.0" 200 -
192.168.1.47 - - [14/May/2014:13:10:02 +0900] "GET /~bob/BasicSkills/?TSPAns2 HTTP/1.1" 200 19536
192.168.1.48 - - [14/May/2014:13:11:46 +0900] "GET /~yoshii/hiki/?c=login;p=ThisWeek HTTP/1.1" 200 12658
192.168.1.48 - - [14/May/2014:13:11:48 +0900] "POST /~yoshii/hiki/ HTTP/1.1" 200 338
192.168.1.48 - - [14/May/2014:13:11:48 +0900] "GET /~yoshii/hiki/?ThisWeek HTTP/1.1" 200 15628
192.168.1.48 - - [14/May/2014:13:11:50 +0900] "GET /~yoshii/hiki/?c=edit;p=ThisWeek HTTP/1.1" 200 17939
192.168.1.57 - - [14/May/2014:13:15:06 +0900] "GET /~bob/Basicskills/ HTTP/1.1" 200 11941
192.168.1.57 - - [14/May/2014:13:15:13 +0900] "GET /~bob/Basicskills/?TSPAns1 HTTP/1.1" 200 19649
192.168.1.48 - - [14/May/2014:13:15:38 +0900] "POST /~yoshii/hiki/ HTTP/1.1" 200 338
192.168.1.48 - - [14/May/2014:13:15:38 +0900] "GET /~yoshii/hiki/?ThisWeek HTTP/1.1" 200 15625
192.168.1.48 - - [14/May/2014:13:22:55 +0900] "GET /~yoshii/hiki/?c=edit;p=ThisWeek HTTP/1.1" 200 17936
192.168.1.48 - - [14/May/2014:13:24:02 +0900] "POST /~yoshii/hiki/ HTTP/1.1" 200 338
192.168.1.48 - - [14/May/2014:13:24:02 +0900] "GET /~yoshii/hiki/?ThisWeek HTTP/1.1" 200 15618
192.168.1.47 - - [14/May/2014:13:25:03 +0900] "GET /~bob/BasicSkills/?ProcessingCodes HTTP/1.1" 200 16676
192.168.1.47 - - [14/May/2014:13:25:12 +0900] "GET /~bob/BasicSkills/?ProgrammingSkills HTTP/1.1" 200 14427
192.168.1.47 - - [14/May/2014:13:25:15 +0900] "GET /~bob/BasicSkills/?TouchTyping HTTP/1.1" 200 13007
192.168.1.55 - - [14/May/2014:13:32:42 +0900] "GET /~bob/Basicskills/ HTTP/1.1" 200 11941
192.168.1.55 - - [14/May/2014:13:32:44 +0900] "GET /~bob/Basicskills/?ProgrammingSkills HTTP/1.1" 200 14427
192.168.1.55 - - [14/May/2014:13:32:51 +0900] "GET /~bob/Basicskills/?TSP HTTP/1.1" 200 13324
192.168.1.55 - - [14/May/2014:13:32:51 +0900] "GET /~bob/Basicskills/?c=plugin;plugin=attach_download;p=TSPAns2;file_name=plot_route1.png HTTP/1.1" 200 5416
192.168.1.55 - - [14/May/2014:13:32:51 +0900] "GET /~bob/Basicskills/?c=plugin;plugin=attach_download;p=TSPAns2;file_name=plot_route2.png HTTP/1.1" 200 5472
192.168.1.55 - - [14/May/2014:13:32:51 +0900] "GET /~bob/Basicskills/?c=plugin;plugin=attach_download;p=TSPAns2;file_name=plot_route3.png HTTP/1.1" 200 4881
192.168.1.55 - - [14/May/2014:13:32:58 +0900] "GET /~bob/Basicskills/?TSPAns2 HTTP/1.1" 200 19536
192.168.1.55 - - [14/May/2014:13:32:58 +0900] "GET /~bob/Basicskills/?c=plugin;plugin=attach_download;p=TSPAns2;file_name=plot1.gif HTTP/1.1" 200 1375
192.168.1.55 - - [14/May/2014:13:33:24 +0900] "GET /~bob/Basicskills/ HTTP/1.1" 200 11941
192.168.1.55 - - [14/May/2014:13:33:28 +0900] "GET /~bob/Basicskills/?TSPAns3 HTTP/1.1" 200 19359
192.168.1.55 - - [14/May/2014:13:33:28 +0900] "GET /~bob/Basicskills/?c=plugin;plugin=attach_download;p=TSPAns3;file_name=plot1.gif HTTP/1.1" 200 1890
192.168.1.55 - - [14/May/2014:13:33:28 +0900] "GET /~bob/Basicskills/?c=plugin;plugin=attach_download;p=TSPAns3;file_name=plot_route_final.png HTTP/1.1" 200 4802
192.168.1.55 - - [14/May/2014:13:33:44 +0900] "GET /~bob/Basicskills/?TSPAns1 HTTP/1.1" 200 19649
192.168.1.55 - - [14/May/2014:13:34:18 +0900] "GET /~bob/Basicskills/?TSPAns2 HTTP/1.1" 200 19536
192.168.1.42 - - [14/May/2014:13:35:40 +0900] "GET /~yoshii/hiki/?FrontPage HTTP/1.1" 200 18480
192.168.1.42 - - [14/May/2014:13:35:40 +0900] "GET /~yoshii/hiki/theme/hiki_base.css HTTP/1.1" 200 1653
192.168.1.42 - - [14/May/2014:13:35:40 +0900] "GET /~yoshii/hiki/theme/bob/bob.css HTTP/1.1" 200 10018
192.168.1.42 - - [14/May/2014:13:35:42 +0900] "GET /~yoshii/hiki/?ThisWeek HTTP/1.1" 200 15210
192.168.1.55 - - [14/May/2014:13:47:35 +0900] "GET /~bob/Basicskills/ HTTP/1.1" 200 11941
192.168.1.55 - - [14/May/2014:13:47:41 +0900] "GET /~bob/Basicskills/?TSP HTTP/1.1" 200 13324
172.29.0.43 - - [14/May/2014:13:56:36 +0900] "GET /~bob/BasicSkills/ HTTP/1.1" 200 11941
172.29.0.43 - - [14/May/2014:13:56:39 +0900] "GET /~bob/BasicSkills/?PC_number HTTP/1.1" 200 10291
192.168.1.52 - - [14/May/2014:13:57:44 +0900] "GET /~yoshii/hiki/?FrontPage HTTP/1.1" 200 18480
192.168.1.52 - - [14/May/2014:13:57:52 +0900] "GET /~bob/Basicskills/ HTTP/1.1" 200 11941
192.168.1.52 - - [14/May/2014:13:58:12 +0900] "GET /~bob/Basicskills/?TSPAns1 HTTP/1.1" 200 19649
192.168.1.42 - - [14/May/2014:14:00:22 +0900] "GET /~yosuke/YamamotoDThesis/ HTTP/1.1" 200 11957
192.168.1.42 - - [14/May/2014:14:00:22 +0900] "GET /~yosuke/YamamotoDThesis/theme/hiki_base.css HTTP/1.1" 200 428
192.168.1.42 - - [14/May/2014:14:00:22 +0900] "GET /~yosuke/YamamotoDThesis/theme/bob/bob.css HTTP/1.1" 200 11457
192.168.1.42 - - [14/May/2014:14:00:32 +0900] "GET /~yosuke/YamamotoDThesis/?c=login;p=FrontPage HTTP/1.1" 200 10079
192.168.1.42 - - [14/May/2014:14:00:34 +0900] "POST /~yosuke/YamamotoDThesis/ HTTP/1.1" 200 362
192.168.1.42 - - [14/May/2014:14:00:34 +0900] "GET /~yosuke/YamamotoDThesis/?FrontPage HTTP/1.1" 200 12547
192.168.1.42 - - [14/May/2014:14:00:35 +0900] "GET /~yosuke/YamamotoDThesis/?c=edit;p=FrontPage HTTP/1.1" 200 14071
192.168.1.42 - - [14/May/2014:14:00:44 +0900] "POST /~yosuke/YamamotoDThesis/ HTTP/1.1" 200 362
192.168.1.42 - - [14/May/2014:14:00:45 +0900] "GET /~yosuke/YamamotoDThesis/?FrontPage HTTP/1.1" 200 12688
192.168.1.42 - - [14/May/2014:14:00:46 +0900] "GET /~yosuke/YamamotoDThesis/?c=edit;p=ChapterAbinitio HTTP/1.1" 200 13344
192.168.1.42 - - [14/May/2014:14:00:48 +0900] "POST /~yosuke/YamamotoDThesis/ HTTP/1.1" 200 13530
192.168.1.42 - - [14/May/2014:14:01:20 +0900] "POST /~yosuke/YamamotoDThesis/ HTTP/1.1" 200 13530
192.168.1.42 - - [14/May/2014:14:01:28 +0900] "POST /~yosuke/YamamotoDThesis/attach.cgi HTTP/1.1" 200 391
192.168.1.42 - - [14/May/2014:14:01:28 +0900] "GET /~yosuke/YamamotoDThesis/?c=view&p=ChapterAbinitio HTTP/1.1" 200 10152
192.168.1.42 - - [14/May/2014:14:01:36 +0900] "POST /~yosuke/YamamotoDThesis/ HTTP/1.1" 200 14005
192.168.1.42 - - [14/May/2014:14:01:40 +0900] "POST /~yosuke/YamamotoDThesis/ HTTP/1.1" 200 14005
192.168.1.42 - - [14/May/2014:14:01:41 +0900] "GET /~yosuke/YamamotoDThesis/?c=edit;p=ChapterAbinitio HTTP/1.1" 200 13819
192.168.1.42 - - [14/May/2014:14:01:42 +0900] "GET /~yosuke/YamamotoDThesis/?FrontPage HTTP/1.1" 200 12688
192.168.1.42 - - [14/May/2014:14:01:44 +0900] "GET /~yosuke/YamamotoDThesis/?c=edit;p=ChapterAbinitio HTTP/1.1" 200 13819
192.168.1.55 - - [14/May/2014:14:01:50 +0900] "GET /~bob/Basicskills/ HTTP/1.1" 200 11941
192.168.1.42 - - [14/May/2014:14:01:54 +0900] "POST /~yosuke/YamamotoDThesis/ HTTP/1.1" 200 374
192.168.1.42 - - [14/May/2014:14:01:54 +0900] "GET /~yosuke/YamamotoDThesis/?ChapterAbinitio HTTP/1.1" 200 10229
192.168.1.55 - - [14/May/2014:14:01:56 +0900] "GET /~bob/Basicskills/?TSPAns2 HTTP/1.1" 200 19536
192.168.1.42 - - [14/May/2014:14:01:57 +0900] "GET /~yosuke/YamamotoDThesis/?c=edit;p=ChapterAbinitio HTTP/1.1" 200 13833
192.168.1.42 - - [14/May/2014:14:02:04 +0900] "POST /~yosuke/YamamotoDThesis/attach.cgi HTTP/1.1" 200 391
192.168.1.42 - - [14/May/2014:14:02:04 +0900] "GET /~yosuke/YamamotoDThesis/?c=edit&p=ChapterAbinitio HTTP/1.1" 200 14024
192.168.1.42 - - [14/May/2014:14:02:09 +0900] "POST /~yosuke/YamamotoDThesis/attach.cgi HTTP/1.1" 200 391
192.168.1.42 - - [14/May/2014:14:02:09 +0900] "GET /~yosuke/YamamotoDThesis/?c=edit&p=ChapterAbinitio HTTP/1.1" 200 14224
192.168.1.42 - - [14/May/2014:14:02:39 +0900] "POST /~yosuke/YamamotoDThesis/ HTTP/1.1" 200 374
192.168.1.42 - - [14/May/2014:14:02:40 +0900] "GET /~yosuke/YamamotoDThesis/?ChapterAbinitio HTTP/1.1" 200 10653
192.168.1.42 - - [14/May/2014:14:02:43 +0900] "GET /~yosuke/YamamotoDThesis/?c=plugin;plugin=attach_download;p=ChapterAbinitio;file_name=05141401PartAbinitio.pdf HTTP/1.1" 200 1103512
192.168.1.55 - - [14/May/2014:14:02:45 +0900] "GET /~bob/Basicskills/?TSPAns1 HTTP/1.1" 200 19649
192.168.1.42 - - [14/May/2014:14:11:14 +0900] "GET /~yosuke/YamamotoDThesis/?c=edit;p=ChapterAbinitio HTTP/1.1" 200 14362
192.168.1.42 - - [14/May/2014:14:11:26 +0900] "POST /~yosuke/YamamotoDThesis/ HTTP/1.1" 200 374
192.168.1.42 - - [14/May/2014:14:11:26 +0900] "GET /~yosuke/YamamotoDThesis/?ChapterAbinitio HTTP/1.1" 200 10683
192.168.1.55 - - [14/May/2014:14:12:40 +0900] "GET /~bob/Basicskills/?TSP HTTP/1.1" 200 13324
172.29.0.43 - - [14/May/2014:14:14:16 +0900] "GET /~bob/BasicSkills/?PC_number HTTP/1.1" 200 10291
172.29.0.43 - - [14/May/2014:14:14:16 +0900] "GET /~bob/BasicSkills/?PC_number HTTP/1.1" 200 10291
172.29.0.43 - - [14/May/2014:14:22:09 +0900] "GET /~yosuke/YamamotoDThesis/ HTTP/1.1" 200 12073
172.29.0.43 - - [14/May/2014:14:22:13 +0900] "GET /~yosuke/YamamotoDThesis/?Introduction HTTP/1.1" 200 13218
172.29.0.43 - - [14/May/2014:14:22:58 +0900] "GET /~yosuke/YamamotoDThesis/?TheFirstMail HTTP/1.1" 200 12681
172.29.0.43 - - [14/May/2014:14:23:06 +0900] "GET /~yosuke/YamamotoDThesis/?ChapterAbinitio HTTP/1.1" 200 10326
172.29.0.43 - - [14/May/2014:14:23:20 +0900] "GET /~yosuke/YamamotoDThesis/?Introduction HTTP/1.1" 200 13218
192.168.1.42 - - [14/May/2014:14:24:32 +0900] "GET /~yosuke/YamamotoDThesis/ HTTP/1.1" 200 12663
192.168.1.42 - - [14/May/2014:14:24:34 +0900] "GET /~yosuke/YamamotoDThesis/?Introduction HTTP/1.1" 200 14007
192.168.1.42 - - [14/May/2014:14:24:47 +0900] "GET /~yosuke/YamamotoDThesis/?DefectOnProperty HTTP/1.1" 200 24502
192.168.1.42 - - [14/May/2014:14:25:06 +0900] "GET /~yosuke/YamamotoDThesis/?c=plugin;plugin=attach_download;p=DefectOnProperty;file_name=Intro1-0.tex HTTP/1.1" 404 9897
192.168.1.42 - - [14/May/2014:14:25:09 +0900] "GET /~yosuke/YamamotoDThesis/?DefectOnProperty HTTP/1.1" 200 24502
192.168.1.42 - - [14/May/2014:14:25:13 +0900] "GET /~yosuke/YamamotoDThesis/?c=edit;p=DefectOnProperty HTTP/1.1" 200 23217
192.168.1.42 - - [14/May/2014:14:25:22 +0900] "GET /~yosuke/YamamotoDThesis/?DefectOnProperty HTTP/1.1" 200 24502
192.168.1.42 - - [14/May/2014:14:26:32 +0900] "GET /~yosuke/YamamotoDThesis/?Introduction HTTP/1.1" 200 14007
192.168.1.42 - - [14/May/2014:14:26:34 +0900] "GET /~yosuke/YamamotoDThesis/?%CD%CF%BC%C1%B8%B6%BB%D2%A4%C8%B7%E7%B4%D9%A4%CE%C1%EA%B8%DF%BA%EE%CD%D1 HTTP/1.1" 200 21866
192.168.1.42 - - [14/May/2014:14:26:47 +0900] "GET /~yosuke/YamamotoDThesis/?Introduction HTTP/1.1" 200 14007
192.168.1.42 - - [14/May/2014:14:26:48 +0900] "GET /~yosuke/YamamotoDThesis/?ConstraintOfFirstPrinciples HTTP/1.1" 200 18628
192.168.1.42 - - [14/May/2014:14:27:04 +0900] "GET /~yosuke/YamamotoDThesis/?Introduction HTTP/1.1" 200 14007
192.168.1.42 - - [14/May/2014:14:27:07 +0900] "GET /~yosuke/YamamotoDThesis/?%A5%B3%A5%C3%A5%C8%A5%EC%A5%EB%CA%B7%B0%CF%B5%A4 HTTP/1.1" 200 10428
192.168.1.42 - - [14/May/2014:14:27:09 +0900] "GET /~yosuke/YamamotoDThesis/?Introduction HTTP/1.1" 200 14007
192.168.1.42 - - [14/May/2014:14:27:13 +0900] "GET /~yosuke/YamamotoDThesis/?FirstPrinciplesVSPotential HTTP/1.1" 200 22169
172.29.0.43 - - [14/May/2014:14:22:20 +0900] "GET /~yosuke/YamamotoDThesis/?c=plugin;plugin=attach_download;p=Introduction;file_name=PartIntro.pdf HTTP/1.1" 200 2424583
172.29.0.43 - - [14/May/2014:14:28:05 +0900] "GET /~bob/BasicSkills/ HTTP/1.1" 200 11941
172.29.0.43 - - [14/May/2014:14:23:12 +0900] "GET /~yosuke/YamamotoDThesis/?c=plugin;plugin=attach_download;p=ChapterAbinitio;file_name=05141401PartAbinitio.pdf HTTP/1.1" 200 1097468
172.29.0.43 - - [14/May/2014:14:28:30 +0900] "GET /~bob/BasicSkills/?RubyCodes HTTP/1.1" 200 10094
172.29.0.43 - - [14/May/2014:14:28:34 +0900] "GET /~bob/BasicSkills/?take_sum HTTP/1.1" 200 11776
192.168.1.42 - - [14/May/2014:14:28:38 +0900] "GET /~yosuke/YamamotoDThesis/?Introduction HTTP/1.1" 200 14007
192.168.1.42 - - [14/May/2014:14:28:40 +0900] "GET /~yosuke/YamamotoDThesis/?ConstraintOfFirstPrinciples HTTP/1.1" 200 18628
192.168.1.42 - - [14/May/2014:14:29:22 +0900] "GET /~yosuke/YamamotoDThesis/?c=edit;p=ConstraintOfFirstPrinciples HTTP/1.1" 200 20471
192.168.1.42 - - [14/May/2014:14:31:10 +0900] "GET /~yosuke/YamamotoDThesis/?ConstraintOfFirstPrinciples HTTP/1.1" 200 18628
192.168.1.42 - - [14/May/2014:14:31:12 +0900] "GET /~yosuke/YamamotoDThesis/?Introduction HTTP/1.1" 200 14007
192.168.1.42 - - [14/May/2014:14:31:13 +0900] "GET /~yosuke/YamamotoDThesis/?DefectOnProperty HTTP/1.1" 200 24502
192.168.1.42 - - [14/May/2014:14:31:30 +0900] "GET /~yosuke/YamamotoDThesis/?Introduction HTTP/1.1" 200 14007
192.168.1.42 - - [14/May/2014:14:31:57 +0900] "GET /~yosuke/YamamotoDThesis/?FirstPrinciplesVSPotential HTTP/1.1" 200 22169
192.168.1.42 - - [14/May/2014:14:32:15 +0900] "GET /~yosuke/YamamotoDThesis/?Introduction HTTP/1.1" 200 14007
192.168.1.42 - - [14/May/2014:14:32:17 +0900] "GET /~yosuke/YamamotoDThesis/?%CB%DC%B8%A6%B5%E6%A4%CE%B7%E7%B4%D9%A4%CB%C2%D0%A4%B9%A4%EB%C2%E8%B0%EC%B8%B6%CD%FD%B7%D7%BB%BB%A4%CE%C5%AC%CD%D1 HTTP/1.1" 200 10324
192.168.1.42 - - [14/May/2014:14:32:20 +0900] "GET /~yosuke/YamamotoDThesis/?Introduction HTTP/1.1" 200 14007
192.168.1.42 - - [14/May/2014:14:32:31 +0900] "GET /~yosuke/YamamotoDThesis/?%CB%DC%B8%A6%B5%E6%A4%CE%B7%E7%B4%D9%A4%CB%C2%D0%A4%B9%A4%EB%C2%E8%B0%EC%B8%B6%CD%FD%B7%D7%BB%BB%A4%CE%C5%AC%CD%D1 HTTP/1.1" 200 10324
192.168.1.42 - - [14/May/2014:14:32:32 +0900] "GET /~yosuke/YamamotoDThesis/?Introduction HTTP/1.1" 200 14007
192.168.1.42 - - [14/May/2014:14:32:34 +0900] "GET /~yosuke/YamamotoDThesis/?FirstPrinciplesVSPotential HTTP/1.1" 200 22169
192.168.1.42 - - [14/May/2014:14:32:42 +0900] "GET /~yosuke/YamamotoDThesis/?c=edit;p=EmpiricalPotential HTTP/1.1" 200 13371
192.168.1.42 - - [14/May/2014:14:32:43 +0900] "GET /~yosuke/YamamotoDThesis/?FirstPrinciplesVSPotential HTTP/1.1" 200 22169
192.168.1.42 - - [14/May/2014:14:32:44 +0900] "GET /~yosuke/YamamotoDThesis/?Introduction HTTP/1.1" 200 14007
192.168.1.42 - - [14/May/2014:14:32:46 +0900] "GET /~yosuke/YamamotoDThesis/?%CD%CF%BC%C1%B8%B6%BB%D2%A4%C8%B7%E7%B4%D9%A4%CE%C1%EA%B8%DF%BA%EE%CD%D1 HTTP/1.1" 200 21866
192.168.1.42 - - [14/May/2014:14:32:59 +0900] "GET /~yosuke/YamamotoDThesis/?Introduction HTTP/1.1" 200 14007
192.168.1.42 - - [14/May/2014:14:33:00 +0900] "GET /~yosuke/YamamotoDThesis/?ConstraintOfFirstPrinciples HTTP/1.1" 200 18628
192.168.1.42 - - [14/May/2014:14:33:07 +0900] "GET /~yosuke/YamamotoDThesis/?c=edit;p=ConstraintOfFirstPrinciples HTTP/1.1" 200 20471
192.168.1.42 - - [14/May/2014:14:33:45 +0900] "GET /~yosuke/YamamotoDThesis/?ConstraintOfFirstPrinciples HTTP/1.1" 200 18628
192.168.1.42 - - [14/May/2014:14:33:47 +0900] "GET /~yosuke/YamamotoDThesis/?Introduction HTTP/1.1" 200 14007
192.168.1.42 - - [14/May/2014:14:33:48 +0900] "GET /~yosuke/YamamotoDThesis/?FirstPrinciplesVSPotential HTTP/1.1" 200 22169
192.168.1.42 - - [14/May/2014:14:35:38 +0900] "GET /~yoshii/hiki/?FrontPage HTTP/1.1" 200 18480
192.168.1.42 - - [14/May/2014:14:35:44 +0900] "GET /~yosuke/YamamotoDThesis/ HTTP/1.1" 200 12663
192.168.1.42 - - [14/May/2014:14:35:48 +0900] "GET /~yosuke/YamamotoDThesis/?Introduction HTTP/1.1" 200 14007
192.168.1.42 - - [14/May/2014:14:35:53 +0900] "GET /~yosuke/YamamotoDThesis/?FirstPrinciplesVSPotential HTTP/1.1" 200 22169
192.168.1.42 - - [14/May/2014:14:35:58 +0900] "GET /~yosuke/YamamotoDThesis/?c=edit;p=FirstPrinciplesVSPotential HTTP/1.1" 200 23828
172.29.0.43 - - [14/May/2014:14:36:19 +0900] "GET /~bob/BasicSkills/?RubyCodes HTTP/1.1" 200 10094
172.29.0.43 - - [14/May/2014:14:36:22 +0900] "GET /~bob/BasicSkills/ HTTP/1.1" 200 11941
192.168.1.42 - - [14/May/2014:14:36:23 +0900] "GET /~yosuke/YamamotoDThesis/?FirstPrinciplesVSPotential HTTP/1.1" 200 22169
172.29.0.43 - - [14/May/2014:14:36:28 +0900] "GET /~yosuke/YamamotoDThesis/ HTTP/1.1" 200 12073
172.29.0.43 - - [14/May/2014:14:36:33 +0900] "GET /~yosuke/YamamotoDThesis/?ChapterAbinitio HTTP/1.1" 200 10326
172.29.0.43 - - [14/May/2014:14:36:35 +0900] "GET /~yosuke/YamamotoDThesis/?c=plugin;plugin=attach_download;p=ChapterAbinitio;file_name=05141401PartAbinitio.pdf HTTP/1.1" 200 1103512
192.168.1.42 - - [14/May/2014:14:38:28 +0900] "GET /~yosuke/YamamotoDThesis/?Introduction HTTP/1.1" 200 14007
192.168.1.55 - - [14/May/2014:14:38:30 +0900] "GET /~bob/Basicskills/ HTTP/1.1" 200 11941
192.168.1.42 - - [14/May/2014:14:38:32 +0900] "GET /~yosuke/YamamotoDThesis/?%CB%DC%B8%A6%B5%E6%A4%CE%B7%E7%B4%D9%A4%CB%C2%D0%A4%B9%A4%EB%C2%E8%B0%EC%B8%B6%CD%FD%B7%D7%BB%BB%A4%CE%C5%AC%CD%D1 HTTP/1.1" 200 10324
192.168.1.42 - - [14/May/2014:14:38:34 +0900] "GET /~yosuke/YamamotoDThesis/?Introduction HTTP/1.1" 200 14007
192.168.1.42 - - [14/May/2014:14:38:37 +0900] "GET /~yosuke/YamamotoDThesis/?%C2%E8%B0%EC%B8%B6%CD%FD%B7%D7%BB%BB HTTP/1.1" 200 12237
